Last updated on 2025-02-19 09:50:52 CET.
Flavor | Version | Tinstall | Tcheck | Ttotal | Status | Flags |
---|---|---|---|---|---|---|
r-devel-linux-x86_64-debian-clang | 1.3.17 | 3.82 | 48.43 | 52.25 | OK | |
r-devel-linux-x86_64-debian-gcc | 1.3.17 | 2.13 | 34.11 | 36.24 | OK | |
r-devel-linux-x86_64-fedora-clang | 1.3.17 | 84.84 | OK | |||
r-devel-linux-x86_64-fedora-gcc | 1.3.17 | 80.96 | OK | |||
r-devel-macos-arm64 | 1.3.17 | 25.00 | OK | |||
r-devel-macos-x86_64 | 1.3.17 | 47.00 | OK | |||
r-devel-windows-x86_64 | 1.3.17 | 6.00 | 76.00 | 82.00 | OK | |
r-patched-linux-x86_64 | 1.3.17 | 3.29 | 45.88 | 49.17 | OK | |
r-release-linux-x86_64 | 1.3.17 | 3.17 | 45.52 | 48.69 | OK | |
r-release-macos-arm64 | 1.3.17 | 26.00 | NOTE | |||
r-release-macos-x86_64 | 1.3.17 | 45.00 | NOTE | |||
r-release-windows-x86_64 | 1.3.17 | 6.00 | 69.00 | 75.00 | WARN | |
r-oldrel-macos-arm64 | 1.3.17 | 31.00 | NOTE | |||
r-oldrel-macos-x86_64 | 1.3.17 | 48.00 | NOTE | |||
r-oldrel-windows-x86_64 | 1.3.17 | 6.00 | 122.00 | 128.00 | OK |
Version: 1.3.17
Check: package dependencies
Result: NOTE
Packages suggested but not available for checking: 'lfa', 'gcatest'
Flavors: r-release-macos-arm64, r-release-macos-x86_64, r-oldrel-macos-arm64, r-oldrel-macos-x86_64
Version: 1.3.17
Check: for unstated dependencies in ‘tests’
Result: WARN
Warning: unable to access index for repository https://bioconductor.statistik.tu-dortmund.de/3.20/bioc/src/contrib:
cannot open URL 'https://bioconductor.statistik.tu-dortmund.de/3.20/bioc/src/contrib/PACKAGES'
Warning: unable to access index for repository https://bioconductor.statistik.tu-dortmund.de/3.20/data/annotation/src/contrib:
cannot open URL 'https://bioconductor.statistik.tu-dortmund.de/3.20/data/annotation/src/contrib/PACKAGES'
Warning: unable to access index for repository https://bioconductor.statistik.tu-dortmund.de/3.20/data/experiment/src/contrib:
cannot open URL 'https://bioconductor.statistik.tu-dortmund.de/3.20/data/experiment/src/contrib/PACKAGES'
Flavor: r-release-windows-x86_64