Last updated on 2025-02-16 09:50:41 CET.
Flavor | Version | Tinstall | Tcheck | Ttotal | Status | Flags |
---|---|---|---|---|---|---|
r-devel-linux-x86_64-debian-clang | 0.6 | 2.21 | 44.97 | 47.18 | NOTE | |
r-devel-linux-x86_64-debian-gcc | 0.6 | 1.67 | 32.24 | 33.91 | NOTE | |
r-devel-linux-x86_64-fedora-clang | 0.6 | 78.75 | NOTE | |||
r-devel-linux-x86_64-fedora-gcc | 0.6 | 86.18 | NOTE | |||
r-devel-macos-arm64 | 0.6 | 31.00 | OK | |||
r-devel-macos-x86_64 | 0.6 | 55.00 | NOTE | |||
r-devel-windows-x86_64 | 0.6 | 4.00 | 61.00 | 65.00 | NOTE | |
r-patched-linux-x86_64 | 0.6 | 1.86 | 41.86 | 43.72 | OK | |
r-release-linux-x86_64 | 0.6 | 1.76 | 42.35 | 44.11 | OK | |
r-release-macos-arm64 | 0.6 | 40.00 | OK | |||
r-release-macos-x86_64 | 0.6 | 91.00 | OK | |||
r-release-windows-x86_64 | 0.6 | 5.00 | 61.00 | 66.00 | OK | |
r-oldrel-macos-arm64 | 0.6 | 33.00 | OK | |||
r-oldrel-macos-x86_64 | 0.6 | 75.00 | OK | |||
r-oldrel-windows-x86_64 | 0.6 | 5.00 | 94.00 | 99.00 | OK |
Version: 0.6
Check: DESCRIPTION meta-information
Result: NOTE
Missing dependency on R >= 4.1.0 because package code uses the pipe
|> or function shorthand \(...) syntax added in R 4.1.0.
File(s) using such syntax:
‘ivo_tables.R’
Flavors: r-devel-linux-x86_64-debian-clang, r-devel-linux-x86_64-debian-gcc, r-devel-linux-x86_64-fedora-clang, r-devel-linux-x86_64-fedora-gcc, r-devel-macos-x86_64, r-devel-windows-x86_64