CRAN Package Check Results for Package irrCAC

Last updated on 2025-02-16 09:50:41 CET.

Flavor Version Tinstall Tcheck Ttotal Status Flags
r-devel-linux-x86_64-debian-clang 1.0 4.27 38.47 42.74 NOTE
r-devel-linux-x86_64-debian-gcc 1.0 2.89 28.18 31.07 NOTE
r-devel-linux-x86_64-fedora-clang 1.0 67.53 NOTE
r-devel-linux-x86_64-fedora-gcc 1.0 79.90 NOTE
r-devel-macos-arm64 1.0 32.00 NOTE
r-devel-macos-x86_64 1.0 57.00 NOTE
r-devel-windows-x86_64 1.0 5.00 67.00 72.00 NOTE
r-patched-linux-x86_64 1.0 4.85 35.76 40.61 NOTE
r-release-linux-x86_64 1.0 3.28 35.48 38.76 NOTE
r-release-macos-arm64 1.0 34.00 NOTE
r-release-macos-x86_64 1.0 42.00 NOTE
r-release-windows-x86_64 1.0 6.00 76.00 82.00 NOTE
r-oldrel-macos-arm64 1.0 31.00 NOTE
r-oldrel-macos-x86_64 1.0 46.00 NOTE
r-oldrel-windows-x86_64 1.0 6.00 96.00 102.00 NOTE

Check Details

Version: 1.0
Check: Rd files
Result: NOTE checkRd: (-1) bp.coeff.raw.Rd:5: Escaped LaTeX specials: \& checkRd: (-1) bp.coeff.raw.Rd:41: Escaped LaTeX specials: \& checkRd: (-1) bp.coeff.raw.Rd:53: Escaped LaTeX specials: \& checkRd: (-1) fleiss.kappa.raw.Rd:52: Escaped LaTeX specials: \& checkRd: (-1) landis.koch.bf.Rd:14: Escaped LaTeX specials: \& checkRd: (-1) landis.koch.bf.Rd:17: Escaped LaTeX specials: \& Flavors: r-devel-linux-x86_64-debian-clang, r-devel-linux-x86_64-debian-gcc, r-devel-linux-x86_64-fedora-clang, r-devel-linux-x86_64-fedora-gcc, r-devel-macos-arm64, r-devel-macos-x86_64, r-devel-windows-x86_64, r-patched-linux-x86_64, r-release-linux-x86_64, r-release-macos-arm64, r-release-macos-x86_64, r-release-windows-x86_64, r-oldrel-macos-arm64, r-oldrel-macos-x86_64, r-oldrel-windows-x86_64