Last updated on 2025-10-27 08:49:55 CET.
| Flavor | Version | Tinstall | Tcheck | Ttotal | Status | Flags |
|---|---|---|---|---|---|---|
| r-devel-linux-x86_64-debian-clang | 2.0.0 | 21.80 | 35.44 | 57.24 | OK | |
| r-devel-linux-x86_64-debian-gcc | 2.0.0 | 16.80 | 27.92 | 44.72 | OK | |
| r-devel-linux-x86_64-fedora-clang | 2.0.0 | 105.00 | -7.24 | 97.76 | OK | |
| r-devel-linux-x86_64-fedora-gcc | 2.0.0 | 56.00 | 47.04 | 103.04 | OK | |
| r-devel-windows-x86_64 | 2.0.0 | 25.00 | 72.00 | 97.00 | OK | |
| r-patched-linux-x86_64 | 2.0.0 | 25.26 | 34.51 | 59.77 | OK | |
| r-release-linux-x86_64 | 2.0.0 | 23.25 | 34.94 | 58.19 | OK | |
| r-release-macos-arm64 | 2.0.0 | 9.00 | 27.00 | 36.00 | OK | |
| r-release-macos-x86_64 | 2.0.0 | 27.00 | 71.00 | 98.00 | OK | |
| r-release-windows-x86_64 | 2.0.0 | 24.00 | 70.00 | 94.00 | OK | |
| r-oldrel-macos-arm64 | 2.0.0 | 9.00 | 31.00 | 40.00 | NOTE | |
| r-oldrel-macos-x86_64 | 2.0.0 | 32.00 | 73.00 | 105.00 | NOTE | |
| r-oldrel-windows-x86_64 | 2.0.0 | 31.00 | 88.00 | 119.00 | OK |
Version: 2.0.0
Check: installed package size
Result: NOTE
installed size is 7.4Mb
sub-directories of 1Mb or more:
libs 6.8Mb
Flavors: r-oldrel-macos-arm64, r-oldrel-macos-x86_64