Last updated on 2025-02-16 09:50:41 CET.
Flavor | Version | Tinstall | Tcheck | Ttotal | Status | Flags |
---|---|---|---|---|---|---|
r-devel-linux-x86_64-debian-clang | 0.7.4 | 63.09 | 83.36 | 146.45 | OK | |
r-devel-linux-x86_64-debian-gcc | 0.7.4 | 47.53 | 62.77 | 110.30 | OK | |
r-devel-linux-x86_64-fedora-clang | 0.7.4 | 251.08 | OK | |||
r-devel-linux-x86_64-fedora-gcc | 0.7.4 | 278.58 | OK | |||
r-devel-macos-arm64 | 0.7.4 | 69.00 | OK | |||
r-devel-macos-x86_64 | 0.7.4 | 118.00 | OK | |||
r-devel-windows-x86_64 | 0.7.4 | 65.00 | 113.00 | 178.00 | OK | |
r-patched-linux-x86_64 | 0.7.4 | 64.84 | 82.13 | 146.97 | OK | |
r-release-linux-x86_64 | 0.7.4 | 63.73 | 82.32 | 146.05 | OK | |
r-release-macos-arm64 | 0.7.4 | 71.00 | NOTE | |||
r-release-macos-x86_64 | 0.7.4 | 93.00 | NOTE | |||
r-release-windows-x86_64 | 0.7.4 | 63.00 | 110.00 | 173.00 | OK | |
r-oldrel-macos-arm64 | 0.7.4 | 75.00 | NOTE | |||
r-oldrel-macos-x86_64 | 0.7.4 | 143.00 | NOTE | |||
r-oldrel-windows-x86_64 | 0.7.4 | 78.00 | 134.00 | 212.00 | OK |
Version: 0.7.4
Check: installed package size
Result: NOTE
installed size is 13.5Mb
sub-directories of 1Mb or more:
libs 12.2Mb
Flavors: r-release-macos-arm64, r-release-macos-x86_64, r-oldrel-macos-arm64, r-oldrel-macos-x86_64