CRAN Package Check Results for Package ipr

Last updated on 2025-02-19 09:50:52 CET.

Flavor Version Tinstall Tcheck Ttotal Status Flags
r-devel-linux-x86_64-debian-clang 0.1.0 1.53 16.23 17.76 OK
r-devel-linux-x86_64-debian-gcc 0.1.0 1.19 13.54 14.73 OK
r-devel-linux-x86_64-fedora-clang 0.1.0 29.69 OK
r-devel-linux-x86_64-fedora-gcc 0.1.0 27.67 OK
r-devel-macos-arm64 0.1.0 13.00 OK
r-devel-macos-x86_64 0.1.0 21.00 OK
r-devel-windows-x86_64 0.1.0 2.00 35.00 37.00 OK
r-patched-linux-x86_64 0.1.0 1.66 15.81 17.47 NOTE
r-release-linux-x86_64 0.1.0 1.29 15.50 16.79 NOTE
r-release-macos-arm64 0.1.0 13.00 NOTE
r-release-macos-x86_64 0.1.0 18.00 NOTE
r-release-windows-x86_64 0.1.0 3.00 34.00 37.00 NOTE
r-oldrel-macos-arm64 0.1.0 16.00 NOTE
r-oldrel-macos-x86_64 0.1.0 17.00 NOTE
r-oldrel-windows-x86_64 0.1.0 5.00 34.00 39.00 NOTE

Check Details

Version: 0.1.0
Check: LazyData
Result: NOTE 'LazyData' is specified without a 'data' directory Flavors: r-patched-linux-x86_64, r-release-linux-x86_64, r-release-macos-arm64, r-release-macos-x86_64, r-release-windows-x86_64, r-oldrel-macos-arm64, r-oldrel-macos-x86_64, r-oldrel-windows-x86_64