Last updated on 2025-02-19 09:50:52 CET.
Flavor | Version | Tinstall | Tcheck | Ttotal | Status | Flags |
---|---|---|---|---|---|---|
r-devel-linux-x86_64-debian-clang | 0.1.4 | 16.75 | 179.86 | 196.61 | NOTE | |
r-devel-linux-x86_64-debian-gcc | 0.1.4 | 12.85 | 121.73 | 134.58 | NOTE | |
r-devel-linux-x86_64-fedora-clang | 0.1.4 | 319.68 | NOTE | |||
r-devel-linux-x86_64-fedora-gcc | 0.1.4 | 304.93 | NOTE | |||
r-devel-macos-arm64 | 0.1.4 | 98.00 | OK | |||
r-devel-macos-x86_64 | 0.1.4 | 164.00 | NOTE | |||
r-devel-windows-x86_64 | 0.1.4 | 15.00 | 188.00 | 203.00 | NOTE | |
r-patched-linux-x86_64 | 0.1.4 | 14.59 | 170.08 | 184.67 | OK | |
r-release-linux-x86_64 | 0.1.4 | 13.70 | 166.28 | 179.98 | OK | |
r-release-macos-arm64 | 0.1.4 | 95.00 | OK | |||
r-release-macos-x86_64 | 0.1.4 | 172.00 | OK | |||
r-release-windows-x86_64 | 0.1.4 | 15.00 | 192.00 | 207.00 | OK | |
r-oldrel-macos-arm64 | 0.1.4 | 90.00 | OK | |||
r-oldrel-macos-x86_64 | 0.1.4 | 170.00 | OK | |||
r-oldrel-windows-x86_64 | 0.1.4 | 22.00 | 248.00 | 270.00 | OK |
Version: 0.1.4
Check: DESCRIPTION meta-information
Result: NOTE
Missing dependency on R >= 4.1.0 because package code uses the pipe
|> or function shorthand \(...) syntax added in R 4.1.0.
File(s) using such syntax:
‘ipd.R’ ‘ppi_ols.R’ ‘simdat.R’
Flavors: r-devel-linux-x86_64-debian-clang, r-devel-linux-x86_64-debian-gcc, r-devel-linux-x86_64-fedora-clang, r-devel-linux-x86_64-fedora-gcc, r-devel-macos-x86_64, r-devel-windows-x86_64