Last updated on 2025-10-24 09:50:06 CEST.
| Flavor | Version | Tinstall | Tcheck | Ttotal | Status | Flags |
|---|---|---|---|---|---|---|
| r-devel-linux-x86_64-debian-clang | 0.0.1 | 3.56 | 25.73 | 29.29 | OK | |
| r-devel-linux-x86_64-debian-gcc | 0.0.1 | 2.42 | 20.71 | 23.13 | OK | |
| r-devel-linux-x86_64-fedora-clang | 0.0.1 | 12.00 | 28.73 | 40.73 | NOTE | |
| r-devel-linux-x86_64-fedora-gcc | 0.0.1 | 38.54 | NOTE | |||
| r-devel-windows-x86_64 | 0.0.1 | 5.00 | 45.00 | 50.00 | OK | |
| r-patched-linux-x86_64 | 0.0.1 | 4.20 | 23.28 | 27.48 | OK | |
| r-release-linux-x86_64 | 0.0.1 | 3.45 | 23.26 | 26.71 | OK | |
| r-release-macos-arm64 | 0.0.1 | 2.00 | 16.00 | 18.00 | OK | |
| r-release-macos-x86_64 | 0.0.1 | 3.00 | 25.00 | 28.00 | OK | |
| r-release-windows-x86_64 | 0.0.1 | 5.00 | 47.00 | 52.00 | OK | |
| r-oldrel-macos-arm64 | 0.0.1 | 3.00 | 31.00 | 34.00 | OK | |
| r-oldrel-macos-x86_64 | 0.0.1 | 4.00 | 44.00 | 48.00 | OK | |
| r-oldrel-windows-x86_64 | 0.0.1 | 6.00 | 55.00 | 61.00 | OK |
Version: 0.0.1
Check: dependencies in R code
Result: NOTE
Namespace in Imports field not imported from: ‘Rdpack’
All declared Imports should be used.
Flavors: r-devel-linux-x86_64-fedora-clang, r-devel-linux-x86_64-fedora-gcc