CRAN Package Check Results for Package intrval

Last updated on 2025-05-14 09:49:39 CEST.

Flavor Version Tinstall Tcheck Ttotal Status Flags
r-devel-linux-x86_64-debian-clang 0.1-3 1.64 29.33 30.97 NOTE
r-devel-linux-x86_64-debian-gcc 0.1-3 1.53 21.72 23.25 NOTE
r-devel-linux-x86_64-fedora-clang 0.1-3 48.38 OK
r-devel-linux-x86_64-fedora-gcc 0.1-3 48.68 OK
r-devel-windows-x86_64 0.1-3 2.00 45.00 47.00 OK
r-patched-linux-x86_64 0.1-3 2.09 28.75 30.84 OK
r-release-linux-x86_64 0.1-3 1.80 27.46 29.26 OK
r-release-macos-arm64 0.1-3 19.00 OK
r-release-macos-x86_64 0.1-3 39.00 OK
r-release-windows-x86_64 0.1-3 2.00 50.00 52.00 OK
r-oldrel-macos-arm64 0.1-3 23.00 OK
r-oldrel-macos-x86_64 0.1-3 27.00 OK
r-oldrel-windows-x86_64 0.1-3 7.00 46.00 53.00 OK

Check Details

Version: 0.1-3
Check: CRAN incoming feasibility
Result: NOTE Maintainer: ‘Peter Solymos <psolymos@gmail.com>’ No Authors@R field in DESCRIPTION. Please add one, modifying Authors@R: person(given = "Peter", family = "Solymos", role = c("aut", "cre"), email = "psolymos@gmail.com") as necessary. Flavors: r-devel-linux-x86_64-debian-clang, r-devel-linux-x86_64-debian-gcc