Last updated on 2025-02-16 09:50:41 CET.
Flavor | Version | Tinstall | Tcheck | Ttotal | Status | Flags |
---|---|---|---|---|---|---|
r-devel-linux-x86_64-debian-clang | 0.2.3 | 14.85 | 126.68 | 141.53 | OK | |
r-devel-linux-x86_64-debian-gcc | 0.2.3 | 10.24 | 90.90 | 101.14 | OK | |
r-devel-linux-x86_64-fedora-clang | 0.2.3 | 226.60 | OK | |||
r-devel-linux-x86_64-fedora-gcc | 0.2.3 | 220.98 | OK | |||
r-devel-macos-arm64 | 0.2.3 | 61.00 | OK | |||
r-devel-macos-x86_64 | 0.2.3 | 138.00 | OK | |||
r-devel-windows-x86_64 | 0.2.3 | 15.00 | 111.00 | 126.00 | OK | |
r-patched-linux-x86_64 | 0.2.3 | 14.06 | 115.86 | 129.92 | NOTE | |
r-release-linux-x86_64 | 0.2.3 | 12.45 | 114.66 | 127.11 | NOTE | |
r-release-macos-arm64 | 0.2.3 | 62.00 | NOTE | |||
r-release-macos-x86_64 | 0.2.3 | 88.00 | NOTE | |||
r-release-windows-x86_64 | 0.2.3 | 14.00 | 111.00 | 125.00 | NOTE | |
r-oldrel-macos-arm64 | 0.2.3 | 66.00 | NOTE | |||
r-oldrel-macos-x86_64 | 0.2.3 | 109.00 | NOTE | |||
r-oldrel-windows-x86_64 | 0.2.3 | 19.00 | 138.00 | 157.00 | NOTE |
Version: 0.2.3
Check: LazyData
Result: NOTE
'LazyData' is specified without a 'data' directory
Flavors: r-patched-linux-x86_64, r-release-linux-x86_64, r-release-macos-arm64, r-release-macos-x86_64, r-release-windows-x86_64, r-oldrel-macos-arm64, r-oldrel-macos-x86_64, r-oldrel-windows-x86_64