Last updated on 2025-02-16 09:50:41 CET.
Flavor | Version | Tinstall | Tcheck | Ttotal | Status | Flags |
---|---|---|---|---|---|---|
r-devel-linux-x86_64-debian-clang | 0.6.2 | 3.61 | 31.04 | 34.65 | NOTE | |
r-devel-linux-x86_64-debian-gcc | 0.6.2 | 3.19 | 22.94 | 26.13 | NOTE | |
r-devel-linux-x86_64-fedora-clang | 0.6.2 | 57.65 | NOTE | |||
r-devel-linux-x86_64-fedora-gcc | 0.6.2 | 53.86 | NOTE | |||
r-devel-macos-arm64 | 0.6.2 | 20.00 | NOTE | |||
r-devel-macos-x86_64 | 0.6.2 | 33.00 | NOTE | |||
r-devel-windows-x86_64 | 0.6.2 | 5.00 | 56.00 | 61.00 | NOTE | |
r-patched-linux-x86_64 | 0.6.2 | 4.81 | 29.36 | 34.17 | NOTE | |
r-release-linux-x86_64 | 0.6.2 | 4.26 | 29.93 | 34.19 | NOTE | |
r-release-macos-arm64 | 0.6.2 | 19.00 | NOTE | |||
r-release-macos-x86_64 | 0.6.2 | 28.00 | NOTE | |||
r-release-windows-x86_64 | 0.6.2 | 4.00 | 58.00 | 62.00 | NOTE | |
r-oldrel-macos-arm64 | 0.6.2 | 21.00 | NOTE | |||
r-oldrel-macos-x86_64 | 0.6.2 | 32.00 | NOTE | |||
r-oldrel-windows-x86_64 | 0.6.2 | 5.00 | 56.00 | 61.00 | NOTE |
Version: 0.6.2
Check: package subdirectories
Result: NOTE
Problems with news in ‘NEWS.md’:
No news entries found.
Flavors: r-devel-linux-x86_64-debian-clang, r-devel-linux-x86_64-debian-gcc, r-devel-linux-x86_64-fedora-clang, r-devel-linux-x86_64-fedora-gcc, r-devel-macos-arm64, r-devel-macos-x86_64, r-devel-windows-x86_64, r-patched-linux-x86_64, r-release-linux-x86_64, r-release-macos-arm64, r-release-macos-x86_64, r-release-windows-x86_64, r-oldrel-macos-arm64, r-oldrel-macos-x86_64, r-oldrel-windows-x86_64