Last updated on 2025-04-16 09:53:01 CEST.
Flavor | Version | Tinstall | Tcheck | Ttotal | Status | Flags |
---|---|---|---|---|---|---|
r-devel-linux-x86_64-debian-clang | 0.9-9 | 7.38 | 64.86 | 72.24 | NOTE | |
r-devel-linux-x86_64-debian-gcc | 0.9-9 | 5.75 | 49.13 | 54.88 | NOTE | |
r-devel-linux-x86_64-fedora-clang | 0.9-9 | 112.52 | NOTE | |||
r-devel-linux-x86_64-fedora-gcc | 0.9-9 | 110.28 | NOTE | |||
r-devel-windows-x86_64 | 0.9-9 | 8.00 | 77.00 | 85.00 | NOTE | |
r-patched-linux-x86_64 | 0.9-9 | 8.80 | 62.46 | 71.26 | NOTE | |
r-release-linux-x86_64 | 0.9-9 | 7.05 | 61.79 | 68.84 | NOTE | |
r-release-macos-arm64 | 0.9-9 | 38.00 | NOTE | |||
r-release-macos-x86_64 | 0.9-9 | 69.00 | NOTE | |||
r-release-windows-x86_64 | 0.9-9 | 9.00 | 77.00 | 86.00 | NOTE | |
r-oldrel-macos-arm64 | 0.9-9 | 37.00 | NOTE | |||
r-oldrel-macos-x86_64 | 0.9-9 | 49.00 | NOTE | |||
r-oldrel-windows-x86_64 | 0.9-9 | 11.00 | 94.00 | 105.00 | NOTE |
Version: 0.9-9
Check: Rd files
Result: NOTE
checkRd: (-1) school23.Rd:30: Escaped LaTeX specials: \&
checkRd: (-1) school23.Rd:35: Escaped LaTeX specials: \&
Flavors: r-devel-linux-x86_64-debian-clang, r-devel-linux-x86_64-debian-gcc, r-devel-linux-x86_64-fedora-clang, r-devel-linux-x86_64-fedora-gcc, r-devel-windows-x86_64, r-patched-linux-x86_64, r-release-linux-x86_64, r-release-macos-arm64, r-release-macos-x86_64, r-release-windows-x86_64, r-oldrel-macos-arm64, r-oldrel-macos-x86_64, r-oldrel-windows-x86_64