Last updated on 2025-02-19 09:50:51 CET.
Flavor | Version | Tinstall | Tcheck | Ttotal | Status | Flags |
---|---|---|---|---|---|---|
r-devel-linux-x86_64-debian-clang | 1.0.2 | 3.07 | 67.60 | 70.67 | NOTE | |
r-devel-linux-x86_64-debian-gcc | 1.0.2 | 1.99 | 47.50 | 49.49 | NOTE | |
r-devel-linux-x86_64-fedora-clang | 1.0.2 | 111.98 | OK | |||
r-devel-linux-x86_64-fedora-gcc | 1.0.2 | 120.11 | OK | |||
r-devel-macos-arm64 | 1.0.2 | 79.00 | OK | |||
r-devel-macos-x86_64 | 1.0.2 | 110.00 | OK | |||
r-devel-windows-x86_64 | 1.0.2 | 4.00 | 90.00 | 94.00 | NOTE | |
r-patched-linux-x86_64 | 1.0.2 | 6.35 | 63.14 | 69.49 | OK | |
r-release-linux-x86_64 | 1.0.2 | 2.68 | 63.28 | 65.96 | OK | |
r-release-macos-arm64 | 1.0.2 | 57.00 | OK | |||
r-release-macos-x86_64 | 1.0.2 | 93.00 | OK | |||
r-release-windows-x86_64 | 1.0.2 | 4.00 | 95.00 | 99.00 | OK | |
r-oldrel-macos-arm64 | 1.0.2 | 63.00 | OK | |||
r-oldrel-macos-x86_64 | 1.0.2 | 88.00 | OK | |||
r-oldrel-windows-x86_64 | 1.0.2 | 5.00 | 140.00 | 145.00 | OK |
Version: 1.0.2
Check: Rd cross-references
Result: NOTE
Found the following Rd file(s) with Rd \link{} targets missing package
anchors:
add.blocks.Rd: igraph
curveball.Rd: igraph
incidence.from.adjacency.Rd: igraph
incidence.from.distribution.Rd: igraph
incidence.from.probability.Rd: igraph
incidence.from.vector.Rd: igraph
Please provide package anchors for all Rd \link{} targets not in the
package itself and the base packages.
Flavors: r-devel-linux-x86_64-debian-clang, r-devel-linux-x86_64-debian-gcc, r-devel-windows-x86_64