Last updated on 2025-02-20 09:50:51 CET.
Flavor | Version | Tinstall | Tcheck | Ttotal | Status | Flags |
---|---|---|---|---|---|---|
r-devel-linux-x86_64-debian-clang | 2.1.0 | 3.06 | 37.75 | 40.81 | NOTE | |
r-devel-linux-x86_64-debian-gcc | 2.1.0 | 2.29 | 27.46 | 29.75 | NOTE | |
r-devel-linux-x86_64-fedora-clang | 2.1.0 | 65.04 | OK | |||
r-devel-linux-x86_64-fedora-gcc | 2.1.0 | 77.17 | OK | |||
r-devel-macos-arm64 | 2.1.0 | 32.00 | OK | |||
r-devel-macos-x86_64 | 2.1.0 | 59.00 | OK | |||
r-devel-windows-x86_64 | 2.1.0 | 5.00 | 68.00 | 73.00 | NOTE | |
r-patched-linux-x86_64 | 2.1.0 | 6.78 | 35.29 | 42.07 | OK | |
r-release-linux-x86_64 | 2.1.0 | 2.92 | 35.65 | 38.57 | OK | |
r-release-macos-arm64 | 2.1.0 | 29.00 | OK | |||
r-release-macos-x86_64 | 2.1.0 | 44.00 | OK | |||
r-release-windows-x86_64 | 2.1.0 | 6.00 | 68.00 | 74.00 | OK | |
r-oldrel-macos-arm64 | 2.1.0 | 30.00 | OK | |||
r-oldrel-macos-x86_64 | 2.1.0 | 54.00 | OK | |||
r-oldrel-windows-x86_64 | 2.1.0 | 6.00 | 64.00 | 70.00 | OK |
Version: 2.1.0
Check: Rd cross-references
Result: NOTE
Found the following Rd file(s) with Rd \link{} targets missing package
anchors:
incRplot.Rd: ggplot2
incRt.Rd: getSunlightTimes
Please provide package anchors for all Rd \link{} targets not in the
package itself and the base packages.
Flavors: r-devel-linux-x86_64-debian-clang, r-devel-linux-x86_64-debian-gcc, r-devel-windows-x86_64