Last updated on 2025-02-16 09:50:41 CET.
Flavor | Version | Tinstall | Tcheck | Ttotal | Status | Flags |
---|---|---|---|---|---|---|
r-devel-linux-x86_64-debian-clang | 0.6.0 | 29.75 | 53.95 | 83.70 | OK | |
r-devel-linux-x86_64-debian-gcc | 0.6.0 | 23.06 | 41.89 | 64.95 | OK | |
r-devel-linux-x86_64-fedora-clang | 0.6.0 | 140.05 | OK | |||
r-devel-linux-x86_64-fedora-gcc | 0.6.0 | 173.64 | OK | |||
r-devel-macos-arm64 | 0.6.0 | 54.00 | OK | |||
r-devel-macos-x86_64 | 0.6.0 | 93.00 | OK | |||
r-devel-windows-x86_64 | 0.6.0 | 34.00 | 99.00 | 133.00 | OK | |
r-patched-linux-x86_64 | 0.6.0 | 33.40 | 56.59 | 89.99 | OK | |
r-release-linux-x86_64 | 0.6.0 | 33.25 | 55.56 | 88.81 | OK | |
r-release-macos-arm64 | 0.6.0 | 56.00 | NOTE | |||
r-release-macos-x86_64 | 0.6.0 | 96.00 | NOTE | |||
r-release-windows-x86_64 | 0.6.0 | 34.00 | 107.00 | 141.00 | NOTE | |
r-oldrel-macos-arm64 | 0.5.1 | 54.00 | NOTE | |||
r-oldrel-macos-x86_64 | 0.6.0 | 103.00 | NOTE | |||
r-oldrel-windows-x86_64 | 0.6.0 | 36.00 | 104.00 | 140.00 | NOTE |
Version: 0.6.0
Check: installed package size
Result: NOTE
installed size is 18.3Mb
sub-directories of 1Mb or more:
doc 4.1Mb
libs 12.1Mb
Flavors: r-release-macos-arm64, r-release-macos-x86_64, r-release-windows-x86_64, r-oldrel-macos-x86_64, r-oldrel-windows-x86_64
Version: 0.5.1
Check: installed package size
Result: NOTE
installed size is 16.8Mb
sub-directories of 1Mb or more:
doc 3.1Mb
libs 12.1Mb
Flavor: r-oldrel-macos-arm64