Last updated on 2025-04-15 09:52:23 CEST.
Flavor | Version | Tinstall | Tcheck | Ttotal | Status | Flags |
---|---|---|---|---|---|---|
r-devel-linux-x86_64-debian-clang | 0.4.2 | 17.19 | 54.15 | 71.34 | OK | |
r-devel-linux-x86_64-debian-gcc | 0.4.2 | 12.34 | 39.83 | 52.17 | OK | |
r-devel-linux-x86_64-fedora-clang | 0.4.2 | 123.78 | OK | |||
r-devel-linux-x86_64-fedora-gcc | 0.4.2 | 128.48 | OK | |||
r-devel-windows-x86_64 | 0.4.2 | 22.00 | 91.00 | 113.00 | OK | |
r-patched-linux-x86_64 | 0.4.2 | 17.46 | 51.66 | 69.12 | OK | |
r-release-linux-x86_64 | 0.4.2 | 15.43 | 50.94 | 66.37 | OK | |
r-release-macos-arm64 | 0.4.2 | 41.00 | OK | |||
r-release-macos-x86_64 | 0.4.2 | 84.00 | OK | |||
r-release-windows-x86_64 | 0.4.2 | 26.00 | 90.00 | 116.00 | OK | |
r-oldrel-macos-arm64 | 0.4.2 | 42.00 | NOTE | |||
r-oldrel-macos-x86_64 | 0.4.2 | 59.00 | NOTE | |||
r-oldrel-windows-x86_64 | 0.4.2 | 27.00 | 107.00 | 134.00 | NOTE |
Version: 0.4.2
Check: package dependencies
Result: NOTE
Package suggested but not available for checking: ‘accdata’
Flavors: r-oldrel-macos-arm64, r-oldrel-macos-x86_64, r-oldrel-windows-x86_64