CRAN Package Check Results for Package impactflu

Last updated on 2025-04-15 09:52:23 CEST.

Flavor Version Tinstall Tcheck Ttotal Status Flags
r-devel-linux-x86_64-debian-clang 0.1.0 20.12 44.14 64.26 OK
r-devel-linux-x86_64-debian-gcc 0.1.0 14.41 32.51 46.92 OK
r-devel-linux-x86_64-fedora-clang 0.1.0 105.25 OK
r-devel-linux-x86_64-fedora-gcc 0.1.0 105.08 OK
r-devel-windows-x86_64 0.1.0 23.00 77.00 100.00 OK
r-patched-linux-x86_64 0.1.0 19.28 41.35 60.63 OK
r-release-linux-x86_64 0.1.0 21.90 41.14 63.04 OK
r-release-macos-arm64 0.1.0 35.00 OK
r-release-macos-x86_64 0.1.0 56.00 OK
r-release-windows-x86_64 0.1.0 24.00 76.00 100.00 OK
r-oldrel-macos-arm64 0.1.0 31.00 NOTE
r-oldrel-macos-x86_64 0.1.0 47.00 NOTE
r-oldrel-windows-x86_64 0.1.0 29.00 90.00 119.00 NOTE

Check Details

Version: 0.1.0
Check: LazyData
Result: NOTE 'LazyData' is specified without a 'data' directory Flavors: r-oldrel-macos-arm64, r-oldrel-macos-x86_64, r-oldrel-windows-x86_64