Last updated on 2025-02-16 09:50:41 CET.
Flavor | Version | Tinstall | Tcheck | Ttotal | Status | Flags |
---|---|---|---|---|---|---|
r-devel-linux-x86_64-debian-clang | 1.5.3 | 5.45 | 34.72 | 40.17 | NOTE | |
r-devel-linux-x86_64-debian-gcc | 1.5.3 | 4.43 | 26.97 | 31.40 | NOTE | |
r-devel-linux-x86_64-fedora-clang | 1.5.3 | 68.35 | OK | |||
r-devel-linux-x86_64-fedora-gcc | 1.5.3 | 64.15 | OK | |||
r-devel-macos-arm64 | 1.5.3 | 28.00 | OK | |||
r-devel-macos-x86_64 | 1.5.3 | 46.00 | OK | |||
r-devel-windows-x86_64 | 1.5.3 | 4.00 | 69.00 | 73.00 | OK | |
r-patched-linux-x86_64 | 1.5.3 | 5.43 | 32.26 | 37.69 | NOTE | |
r-release-linux-x86_64 | 1.5.3 | 5.17 | 33.06 | 38.23 | NOTE | |
r-release-macos-arm64 | 1.5.3 | 29.00 | NOTE | |||
r-release-macos-x86_64 | 1.5.3 | 41.00 | NOTE | |||
r-release-windows-x86_64 | 1.5.3 | 4.00 | 76.00 | 80.00 | NOTE | |
r-oldrel-macos-arm64 | 1.5.3 | 25.00 | NOTE | |||
r-oldrel-macos-x86_64 | 1.5.3 | 38.00 | NOTE | |||
r-oldrel-windows-x86_64 | 1.5.3 | 5.00 | 55.00 | 60.00 | NOTE |
Version: 1.5.3
Check: for unstated dependencies in ‘demo’
Result: NOTE
'library' or 'require' calls not declared from:
‘MASS’ ‘flowStats’ ‘hyperSpec’
Flavors: r-devel-linux-x86_64-debian-clang, r-devel-linux-x86_64-debian-gcc
Version: 1.5.3
Check: package dependencies
Result: NOTE
Package suggested but not available for checking: ‘rggobi’
Flavors: r-patched-linux-x86_64, r-release-linux-x86_64, r-release-macos-arm64, r-release-macos-x86_64, r-release-windows-x86_64, r-oldrel-macos-arm64, r-oldrel-macos-x86_64, r-oldrel-windows-x86_64