Last updated on 2025-02-16 09:50:41 CET.
Flavor | Version | Tinstall | Tcheck | Ttotal | Status | Flags |
---|---|---|---|---|---|---|
r-devel-linux-x86_64-debian-clang | 1.0.2 | 43.29 | 312.86 | 356.15 | OK | |
r-devel-linux-x86_64-debian-gcc | 1.0.2 | 26.61 | 204.63 | 231.24 | OK | |
r-devel-linux-x86_64-fedora-clang | 1.0.2 | 565.23 | NOTE | |||
r-devel-linux-x86_64-fedora-gcc | 1.0.2 | 519.03 | NOTE | |||
r-devel-macos-arm64 | 1.0.2 | 127.00 | OK | |||
r-devel-macos-x86_64 | 1.0.2 | 240.00 | OK | |||
r-devel-windows-x86_64 | 1.0.2 | 35.00 | 248.00 | 283.00 | OK | |
r-patched-linux-x86_64 | 1.0.2 | 35.86 | 285.48 | 321.34 | OK | |
r-release-linux-x86_64 | 1.0.2 | 38.17 | 281.32 | 319.49 | OK | |
r-release-macos-arm64 | 1.0.2 | 120.00 | OK | |||
r-release-macos-x86_64 | 1.0.2 | 192.00 | OK | |||
r-release-windows-x86_64 | 1.0.2 | 36.00 | 239.00 | 275.00 | OK | |
r-oldrel-macos-arm64 | 1.0.2 | 130.00 | OK | |||
r-oldrel-macos-x86_64 | 1.0.2 | 227.00 | OK | |||
r-oldrel-windows-x86_64 | 1.0.2 | 50.00 | 320.00 | 370.00 | OK |
Version: 1.0.2
Check: dependencies in R code
Result: NOTE
Namespace in Imports field not imported from: ‘methods’
All declared Imports should be used.
Flavors: r-devel-linux-x86_64-fedora-clang, r-devel-linux-x86_64-fedora-gcc