CRAN Package Check Results for Package ibmAcousticR

Last updated on 2025-04-16 09:53:01 CEST.

Flavor Version Tinstall Tcheck Ttotal Status Flags
r-devel-linux-x86_64-debian-clang 0.2.1 2.27 24.81 27.08 OK
r-devel-linux-x86_64-debian-gcc 0.2.1 1.98 19.43 21.41 OK
r-devel-linux-x86_64-fedora-clang 0.2.1 42.39 OK
r-devel-linux-x86_64-fedora-gcc 0.2.1 41.27 OK
r-devel-windows-x86_64 0.2.1 4.00 46.00 50.00 OK
r-patched-linux-x86_64 0.2.1 2.89 24.17 27.06 OK
r-release-linux-x86_64 0.2.1 2.60 24.33 26.93 OK
r-release-macos-arm64 0.2.1 19.00 OK
r-release-macos-x86_64 0.2.1 35.00 OK
r-release-windows-x86_64 0.2.1 4.00 47.00 51.00 OK
r-oldrel-macos-arm64 0.2.1 18.00 NOTE
r-oldrel-macos-x86_64 0.2.1 24.00 NOTE
r-oldrel-windows-x86_64 0.2.1 5.00 49.00 54.00 NOTE

Check Details

Version: 0.2.1
Check: LazyData
Result: NOTE 'LazyData' is specified without a 'data' directory Flavors: r-oldrel-macos-arm64, r-oldrel-macos-x86_64, r-oldrel-windows-x86_64