Last updated on 2025-02-16 09:50:41 CET.
Flavor | Version | Tinstall | Tcheck | Ttotal | Status | Flags |
---|---|---|---|---|---|---|
r-devel-linux-x86_64-debian-clang | 2.0.0 | 8.05 | 119.44 | 127.49 | NOTE | |
r-devel-linux-x86_64-debian-gcc | 2.0.0 | 6.02 | 80.57 | 86.59 | NOTE | |
r-devel-linux-x86_64-fedora-clang | 2.0.0 | 199.93 | NOTE | |||
r-devel-linux-x86_64-fedora-gcc | 2.0.0 | 184.78 | NOTE | |||
r-devel-macos-arm64 | 2.0.0 | 53.00 | OK | |||
r-devel-macos-x86_64 | 2.0.0 | 113.00 | NOTE | |||
r-devel-windows-x86_64 | 2.0.0 | 9.00 | 120.00 | 129.00 | NOTE | |
r-patched-linux-x86_64 | 2.0.0 | 7.34 | 108.13 | 115.47 | OK | |
r-release-linux-x86_64 | 2.0.0 | 7.36 | 110.23 | 117.59 | OK | |
r-release-macos-arm64 | 2.0.0 | 60.00 | OK | |||
r-release-macos-x86_64 | 2.0.0 | 84.00 | OK | |||
r-release-windows-x86_64 | 2.0.0 | 10.00 | 117.00 | 127.00 | OK | |
r-oldrel-macos-arm64 | 2.0.0 | 62.00 | OK | |||
r-oldrel-macos-x86_64 | 2.0.0 | 123.00 | OK | |||
r-oldrel-windows-x86_64 | 2.0.0 | 12.00 | 165.00 | 177.00 | OK |
Version: 2.0.0
Check: DESCRIPTION meta-information
Result: NOTE
Missing dependency on R >= 4.1.0 because package code uses the pipe
|> or function shorthand \(...) syntax added in R 4.1.0.
File(s) using such syntax:
‘decomposition.R’ ‘feat.R’ ‘forecastplot.R’ ‘iNZightTS.R’ ‘rawplot.R’
‘seasonplot.R’
Flavors: r-devel-linux-x86_64-debian-clang, r-devel-linux-x86_64-debian-gcc, r-devel-linux-x86_64-fedora-clang, r-devel-linux-x86_64-fedora-gcc, r-devel-macos-x86_64, r-devel-windows-x86_64