Last updated on 2025-02-16 09:50:41 CET.
Flavor | Version | Tinstall | Tcheck | Ttotal | Status | Flags |
---|---|---|---|---|---|---|
r-devel-linux-x86_64-debian-clang | 0.2.0 | 29.12 | 235.22 | 264.34 | NOTE | |
r-devel-linux-x86_64-debian-gcc | 0.2.0 | 18.10 | 147.63 | 165.73 | NOTE | |
r-devel-linux-x86_64-fedora-clang | 0.2.0 | 460.72 | OK | |||
r-devel-linux-x86_64-fedora-gcc | 0.2.0 | 399.60 | OK | |||
r-devel-macos-arm64 | 0.2.0 | 104.00 | OK | |||
r-devel-macos-x86_64 | 0.2.0 | 232.00 | OK | |||
r-devel-windows-x86_64 | 0.2.0 | 25.00 | 178.00 | 203.00 | NOTE | |
r-patched-linux-x86_64 | 0.2.0 | 35.58 | 211.23 | 246.81 | OK | |
r-release-linux-x86_64 | 0.2.0 | 26.69 | 212.56 | 239.25 | OK | |
r-release-macos-arm64 | 0.2.0 | 106.00 | OK | |||
r-release-macos-x86_64 | 0.2.0 | 158.00 | OK | |||
r-release-windows-x86_64 | 0.2.0 | 26.00 | 172.00 | 198.00 | OK | |
r-oldrel-macos-arm64 | 0.2.0 | 120.00 | OK | |||
r-oldrel-macos-x86_64 | 0.2.0 | 208.00 | OK | |||
r-oldrel-windows-x86_64 | 0.2.0 | 36.00 | 243.00 | 279.00 | OK |
Version: 0.2.0
Check: Rd cross-references
Result: NOTE
Found the following Rd file(s) with Rd \link{} targets missing package
anchors:
calc_areas.Rd: area, values
generateHypsoTables.Rd: crop, mask, classify
Please provide package anchors for all Rd \link{} targets not in the
package itself and the base packages.
Flavors: r-devel-linux-x86_64-debian-clang, r-devel-linux-x86_64-debian-gcc, r-devel-windows-x86_64