Last updated on 2025-02-16 09:50:41 CET.
Flavor | Version | Tinstall | Tcheck | Ttotal | Status | Flags |
---|---|---|---|---|---|---|
r-devel-linux-x86_64-debian-clang | 1.1.2 | 53.13 | 148.56 | 201.69 | OK | |
r-devel-linux-x86_64-debian-gcc | 1.1.2 | 36.06 | 105.71 | 141.77 | OK | |
r-devel-linux-x86_64-fedora-clang | 1.1.2 | 347.45 | OK | |||
r-devel-linux-x86_64-fedora-gcc | 1.1.2 | 350.95 | OK | |||
r-devel-macos-arm64 | 1.1.2 | 109.00 | OK | |||
r-devel-macos-x86_64 | 1.1.2 | 189.00 | OK | |||
r-devel-windows-x86_64 | 1.1.2 | 57.00 | 182.00 | 239.00 | OK | |
r-patched-linux-x86_64 | 1.1.2 | 55.39 | 139.22 | 194.61 | OK | |
r-release-linux-x86_64 | 1.1.2 | 52.15 | 140.39 | 192.54 | OK | |
r-release-macos-arm64 | 1.1.2 | 123.00 | NOTE | |||
r-release-macos-x86_64 | 1.1.2 | 164.00 | NOTE | |||
r-release-windows-x86_64 | 1.1.2 | 57.00 | 184.00 | 241.00 | NOTE | |
r-oldrel-macos-arm64 | 1.1.2 | 122.00 | NOTE | |||
r-oldrel-macos-x86_64 | 1.1.2 | 179.00 | NOTE | |||
r-oldrel-windows-x86_64 | 1.1.2 | 74.00 | 227.00 | 301.00 | NOTE |
Version: 1.1.2
Check: installed package size
Result: NOTE
installed size is 8.1Mb
sub-directories of 1Mb or more:
extdata 5.5Mb
libs 1.7Mb
Flavors: r-release-macos-arm64, r-release-macos-x86_64, r-release-windows-x86_64, r-oldrel-macos-arm64, r-oldrel-macos-x86_64, r-oldrel-windows-x86_64