Last updated on 2025-02-16 09:50:41 CET.
Flavor | Version | Tinstall | Tcheck | Ttotal | Status | Flags |
---|---|---|---|---|---|---|
r-devel-linux-x86_64-debian-clang | 0.3.7 | 3.64 | 32.04 | 35.68 | NOTE | |
r-devel-linux-x86_64-debian-gcc | 0.3.7 | 3.12 | 24.05 | 27.17 | NOTE | |
r-devel-linux-x86_64-fedora-clang | 0.3.7 | 60.74 | OK | |||
r-devel-linux-x86_64-fedora-gcc | 0.3.7 | 55.76 | OK | |||
r-devel-macos-arm64 | 0.3.7 | 24.00 | OK | |||
r-devel-macos-x86_64 | 0.3.7 | 44.00 | OK | |||
r-devel-windows-x86_64 | 0.3.7 | 6.00 | 62.00 | 68.00 | NOTE | |
r-patched-linux-x86_64 | 0.3.7 | 8.21 | 31.13 | 39.34 | OK | |
r-release-linux-x86_64 | 0.3.7 | 3.89 | 30.88 | 34.77 | OK | |
r-release-macos-arm64 | 0.3.7 | 24.00 | OK | |||
r-release-macos-x86_64 | 0.3.7 | 35.00 | OK | |||
r-release-windows-x86_64 | 0.3.7 | 6.00 | 68.00 | 74.00 | OK | |
r-oldrel-macos-arm64 | 0.3.7 | 24.00 | OK | |||
r-oldrel-macos-x86_64 | 0.3.7 | 34.00 | OK | |||
r-oldrel-windows-x86_64 | 0.3.7 | 7.00 | 96.00 | 103.00 | OK |
Version: 0.3.7
Check: Rd cross-references
Result: NOTE
Found the following Rd file(s) with Rd \link{} targets missing package
anchors:
hybridModel.Rd: GillespieSSA
simHM.Rd: GillespieSSA
Please provide package anchors for all Rd \link{} targets not in the
package itself and the base packages.
Flavors: r-devel-linux-x86_64-debian-clang, r-devel-linux-x86_64-debian-gcc, r-devel-windows-x86_64