Last updated on 2025-02-16 09:50:41 CET.
Flavor | Version | Tinstall | Tcheck | Ttotal | Status | Flags |
---|---|---|---|---|---|---|
r-devel-linux-x86_64-debian-clang | 0.6.0 | 21.13 | 27.30 | 48.43 | OK | |
r-devel-linux-x86_64-debian-gcc | 0.6.0 | 16.72 | 21.91 | 38.63 | OK | |
r-devel-linux-x86_64-fedora-clang | 0.6.0 | 95.89 | NOTE | |||
r-devel-linux-x86_64-fedora-gcc | 0.6.0 | 109.68 | NOTE | |||
r-devel-macos-arm64 | 0.6.0 | 33.00 | OK | |||
r-devel-macos-x86_64 | 0.6.0 | 54.00 | OK | |||
r-devel-windows-x86_64 | 0.6.0 | 25.00 | 65.00 | 90.00 | OK | |
r-patched-linux-x86_64 | 0.6.0 | 22.41 | 26.64 | 49.05 | NOTE | |
r-release-linux-x86_64 | 0.6.0 | 23.30 | 26.18 | 49.48 | NOTE | |
r-release-macos-arm64 | 0.6.0 | 35.00 | NOTE | |||
r-release-macos-x86_64 | 0.6.0 | 70.00 | NOTE | |||
r-release-windows-x86_64 | 0.6.0 | 26.00 | 66.00 | 92.00 | NOTE | |
r-oldrel-macos-arm64 | 0.6.0 | 39.00 | NOTE | |||
r-oldrel-macos-x86_64 | 0.6.0 | 59.00 | NOTE | |||
r-oldrel-windows-x86_64 | 0.6.0 | 29.00 | 77.00 | 106.00 | NOTE |
Version: 0.6.0
Check: compiled code
Result: NOTE
File ‘humaniformat/libs/humaniformat.so’:
Found no calls to: ‘R_registerRoutines’, ‘R_useDynamicSymbols’
It is good practice to register native routines and to disable symbol
search.
See ‘Writing portable packages’ in the ‘Writing R Extensions’ manual.
Flavors: r-devel-linux-x86_64-fedora-clang, r-devel-linux-x86_64-fedora-gcc
Version: 0.6.0
Check: LazyData
Result: NOTE
'LazyData' is specified without a 'data' directory
Flavors: r-patched-linux-x86_64, r-release-linux-x86_64, r-release-macos-arm64, r-release-macos-x86_64, r-release-windows-x86_64, r-oldrel-macos-arm64, r-oldrel-macos-x86_64, r-oldrel-windows-x86_64