Last updated on 2025-02-16 09:50:41 CET.
Flavor | Version | Tinstall | Tcheck | Ttotal | Status | Flags |
---|---|---|---|---|---|---|
r-devel-linux-x86_64-debian-clang | 0.1.2 | 27.09 | 223.60 | 250.69 | OK | |
r-devel-linux-x86_64-debian-gcc | 0.1.2 | 19.14 | 151.47 | 170.61 | OK | |
r-devel-linux-x86_64-fedora-clang | 0.1.2 | 429.11 | OK | |||
r-devel-linux-x86_64-fedora-gcc | 0.1.2 | 367.48 | OK | |||
r-devel-macos-arm64 | 0.1.2 | 103.00 | OK | |||
r-devel-macos-x86_64 | 0.1.2 | 202.00 | OK | |||
r-devel-windows-x86_64 | 0.1.2 | 26.00 | 183.00 | 209.00 | OK | |
r-patched-linux-x86_64 | 0.1.2 | 25.36 | 204.24 | 229.60 | NOTE | |
r-release-linux-x86_64 | 0.1.2 | 25.72 | 203.71 | 229.43 | NOTE | |
r-release-macos-arm64 | 0.1.2 | 93.00 | NOTE | |||
r-release-macos-x86_64 | 0.1.2 | 183.00 | NOTE | |||
r-release-windows-x86_64 | 0.1.2 | 27.00 | 182.00 | 209.00 | NOTE | |
r-oldrel-macos-arm64 | 0.1.2 | 95.00 | NOTE | |||
r-oldrel-macos-x86_64 | 0.1.2 | 183.00 | NOTE | |||
r-oldrel-windows-x86_64 | 0.1.2 | 35.00 | 262.00 | 297.00 | NOTE |
Version: 0.1.2
Check: package dependencies
Result: NOTE
Package suggested but not available for checking: ‘microViz’
Flavors: r-patched-linux-x86_64, r-release-linux-x86_64, r-release-macos-arm64, r-release-macos-x86_64, r-release-windows-x86_64, r-oldrel-macos-arm64, r-oldrel-macos-x86_64, r-oldrel-windows-x86_64