Last updated on 2025-02-19 09:50:51 CET.
Flavor | Version | Tinstall | Tcheck | Ttotal | Status | Flags |
---|---|---|---|---|---|---|
r-devel-linux-x86_64-debian-clang | 0.1.2-1 | 8.27 | 66.15 | 74.42 | NOTE | |
r-devel-linux-x86_64-debian-gcc | 0.1.2-1 | 6.21 | 46.78 | 52.99 | NOTE | |
r-devel-linux-x86_64-fedora-clang | 0.1.2-1 | 120.39 | OK | |||
r-devel-linux-x86_64-fedora-gcc | 0.1.2-1 | 113.65 | OK | |||
r-devel-macos-arm64 | 0.1.2-1 | 32.00 | OK | |||
r-devel-macos-x86_64 | 0.1.2-1 | 70.00 | OK | |||
r-devel-windows-x86_64 | 0.1.2-1 | 11.00 | 85.00 | 96.00 | NOTE | |
r-patched-linux-x86_64 | 0.1.2-1 | 12.07 | 59.58 | 71.65 | OK | |
r-release-linux-x86_64 | 0.1.2-1 | 7.61 | 60.52 | 68.13 | OK | |
r-release-macos-arm64 | 0.1.2-1 | 34.00 | OK | |||
r-release-macos-x86_64 | 0.1.2-1 | 52.00 | OK | |||
r-release-windows-x86_64 | 0.1.2-1 | 11.00 | 84.00 | 95.00 | OK | |
r-oldrel-macos-arm64 | 0.1.2-1 | 36.00 | OK | |||
r-oldrel-macos-x86_64 | 0.1.2-1 | 60.00 | OK | |||
r-oldrel-windows-x86_64 | 0.1.2-1 | 14.00 | 122.00 | 136.00 | OK |
Version: 0.1.2-1
Check: Rd cross-references
Result: NOTE
Found the following Rd file(s) with Rd \link{} targets missing package
anchors:
holland-package.Rd: MplusAutomation
sim_score_data.Rd: rmvnorm
Please provide package anchors for all Rd \link{} targets not in the
package itself and the base packages.
Flavors: r-devel-linux-x86_64-debian-clang, r-devel-linux-x86_64-debian-gcc, r-devel-windows-x86_64