CRAN Package Check Results for Package hoardeR

Last updated on 2025-04-15 09:52:22 CEST.

Flavor Version Tinstall Tcheck Ttotal Status Flags
r-devel-linux-x86_64-debian-clang 0.10 27.96 243.38 271.34 OK
r-devel-linux-x86_64-debian-gcc 0.10 20.91 165.56 186.47 OK
r-devel-linux-x86_64-fedora-clang 0.10 428.63 NOTE
r-devel-linux-x86_64-fedora-gcc 0.10 426.64 NOTE
r-devel-windows-x86_64 0.10 27.00 214.00 241.00 OK
r-patched-linux-x86_64 0.10 28.05 225.76 253.81 OK
r-release-linux-x86_64 0.10 28.76 193.62 222.38 OK
r-release-macos-arm64 0.10 143.00 OK
r-release-macos-x86_64 0.10 295.00 OK
r-release-windows-x86_64 0.10 28.00 212.00 240.00 OK
r-oldrel-macos-arm64 0.10 130.00 OK
r-oldrel-macos-x86_64 0.10 195.00 OK
r-oldrel-windows-x86_64 0.10 37.00 275.00 312.00 OK

Check Details

Version: 0.10
Check: dependencies in R code
Result: NOTE Namespaces in Imports field not imported from: ‘knitr’ ‘rmarkdown’ All declared Imports should be used. Flavors: r-devel-linux-x86_64-fedora-clang, r-devel-linux-x86_64-fedora-gcc