CRAN Package Check Results for Package highlight

Last updated on 2025-02-16 09:50:41 CET.

Flavor Version Tinstall Tcheck Ttotal Status Flags
r-devel-linux-x86_64-debian-clang 0.5.1 50.48 23.50 73.98 NOTE
r-devel-linux-x86_64-debian-gcc 0.5.1 41.80 17.57 59.37 NOTE
r-devel-linux-x86_64-fedora-clang 0.5.1 184.22 NOTE
r-devel-linux-x86_64-fedora-gcc 0.5.1 161.60 NOTE
r-devel-macos-arm64 0.5.1 42.00 NOTE
r-devel-macos-x86_64 0.5.1 60.00 NOTE
r-devel-windows-x86_64 0.5.1 63.00 76.00 139.00 NOTE
r-patched-linux-x86_64 0.5.1 53.84 22.12 75.96 NOTE
r-release-linux-x86_64 0.5.1 53.74 22.24 75.98 NOTE
r-release-macos-arm64 0.5.1 50.00 NOTE
r-release-macos-x86_64 0.5.1 42.00 NOTE
r-release-windows-x86_64 0.5.1 71.00 71.00 142.00 NOTE
r-oldrel-macos-arm64 0.5.1 50.00 NOTE
r-oldrel-macos-x86_64 0.5.1 78.00 NOTE
r-oldrel-windows-x86_64 0.5.1 68.00 75.00 143.00 NOTE

Check Details

Version: 0.5.1
Check: C++ specification
Result: NOTE Specified C++11: please drop specification unless essential Flavors: r-devel-linux-x86_64-debian-clang, r-devel-linux-x86_64-debian-gcc, r-devel-linux-x86_64-fedora-clang, r-devel-linux-x86_64-fedora-gcc, r-devel-macos-arm64, r-devel-macos-x86_64, r-devel-windows-x86_64, r-patched-linux-x86_64, r-release-linux-x86_64, r-release-macos-arm64, r-release-macos-x86_64, r-release-windows-x86_64, r-oldrel-macos-arm64, r-oldrel-macos-x86_64, r-oldrel-windows-x86_64

Version: 0.5.1
Check: installed package size
Result: NOTE installed size is 8.7Mb sub-directories of 1Mb or more: highlight 1.0Mb libs 7.5Mb Flavors: r-release-macos-arm64, r-release-macos-x86_64, r-oldrel-macos-arm64, r-oldrel-macos-x86_64