Last updated on 2025-02-19 09:50:51 CET.
Flavor | Version | Tinstall | Tcheck | Ttotal | Status | Flags |
---|---|---|---|---|---|---|
r-devel-linux-x86_64-debian-clang | 1.2.33 | 65.31 | 158.36 | 223.67 | OK | |
r-devel-linux-x86_64-debian-gcc | 1.2.33 | 44.07 | 106.87 | 150.94 | OK | |
r-devel-linux-x86_64-fedora-clang | 1.2.33 | 423.13 | OK | |||
r-devel-linux-x86_64-fedora-gcc | 1.2.33 | 400.24 | OK | |||
r-devel-macos-arm64 | 1.2.33 | 84.00 | OK | |||
r-devel-macos-x86_64 | 1.2.33 | 158.00 | OK | |||
r-devel-windows-x86_64 | 1.2.33 | 67.00 | 166.00 | 233.00 | OK | |
r-patched-linux-x86_64 | 1.2.33 | 62.57 | 169.84 | 232.41 | OK | |
r-release-linux-x86_64 | 1.2.33 | 60.04 | 168.01 | 228.05 | OK | |
r-release-macos-arm64 | 1.2.33 | 84.00 | NOTE | |||
r-release-macos-x86_64 | 1.2.33 | 120.00 | NOTE | |||
r-release-windows-x86_64 | 1.2.33 | 66.00 | 156.00 | 222.00 | OK | |
r-oldrel-macos-arm64 | 1.2.33 | 96.00 | NOTE | |||
r-oldrel-macos-x86_64 | 1.2.33 | 213.00 | NOTE | |||
r-oldrel-windows-x86_64 | 1.2.33 | 86.00 | 224.00 | 310.00 | OK |
Version: 1.2.33
Check: installed package size
Result: NOTE
installed size is 6.0Mb
sub-directories of 1Mb or more:
extdata 2.6Mb
libs 3.3Mb
Flavors: r-release-macos-arm64, r-release-macos-x86_64, r-oldrel-macos-arm64, r-oldrel-macos-x86_64