Last updated on 2025-02-16 09:50:41 CET.
Flavor | Version | Tinstall | Tcheck | Ttotal | Status | Flags |
---|---|---|---|---|---|---|
r-devel-linux-x86_64-debian-clang | 1.0 | 1.66 | 17.38 | 19.04 | NOTE | |
r-devel-linux-x86_64-debian-gcc | 1.0 | 1.41 | 14.85 | 16.26 | NOTE | |
r-devel-linux-x86_64-fedora-clang | 1.0 | 30.83 | NOTE | |||
r-devel-linux-x86_64-fedora-gcc | 1.0 | 29.72 | NOTE | |||
r-devel-macos-arm64 | 1.0 | 13.00 | NOTE | |||
r-devel-macos-x86_64 | 1.0 | 20.00 | NOTE | |||
r-devel-windows-x86_64 | 1.0 | 2.00 | 44.00 | 46.00 | NOTE | |
r-patched-linux-x86_64 | 1.0 | 1.54 | 17.70 | 19.24 | NOTE | |
r-release-linux-x86_64 | 1.0 | 1.65 | 16.71 | 18.36 | NOTE | |
r-release-macos-arm64 | 1.0 | 14.00 | NOTE | |||
r-release-macos-x86_64 | 1.0 | 19.00 | NOTE | |||
r-release-windows-x86_64 | 1.0 | 2.00 | 36.00 | 38.00 | NOTE | |
r-oldrel-macos-arm64 | 1.0 | 16.00 | NOTE | |||
r-oldrel-macos-x86_64 | 1.0 | 19.00 | NOTE | |||
r-oldrel-windows-x86_64 | 1.0 | 4.00 | 37.00 | 41.00 | NOTE |
Version: 1.0
Check: DESCRIPTION meta-information
Result: NOTE
Malformed Title field: should not end in a period.
Flavors: r-devel-linux-x86_64-debian-clang, r-devel-linux-x86_64-debian-gcc, r-devel-linux-x86_64-fedora-clang, r-devel-linux-x86_64-fedora-gcc, r-devel-macos-arm64, r-devel-macos-x86_64, r-devel-windows-x86_64, r-patched-linux-x86_64, r-release-linux-x86_64, r-release-macos-arm64, r-release-macos-x86_64, r-release-windows-x86_64, r-oldrel-macos-arm64, r-oldrel-macos-x86_64, r-oldrel-windows-x86_64