Last updated on 2025-04-15 09:52:22 CEST.
Flavor | Version | Tinstall | Tcheck | Ttotal | Status | Flags |
---|---|---|---|---|---|---|
r-devel-linux-x86_64-debian-clang | 1.1.0 | 11.31 | 73.66 | 84.97 | OK | |
r-devel-linux-x86_64-debian-gcc | 1.1.0 | 7.69 | 56.89 | 64.58 | OK | |
r-devel-linux-x86_64-fedora-clang | 1.1.0 | 140.00 | NOTE | |||
r-devel-linux-x86_64-fedora-gcc | 1.1.0 | 147.61 | NOTE | |||
r-devel-windows-x86_64 | 1.1.0 | 14.00 | 87.00 | 101.00 | OK | |
r-patched-linux-x86_64 | 1.1.0 | 11.07 | 68.77 | 79.84 | OK | |
r-release-linux-x86_64 | 1.1.0 | 10.75 | 68.68 | 79.43 | OK | |
r-release-macos-arm64 | 1.1.0 | 87.00 | OK | |||
r-release-macos-x86_64 | 1.1.0 | 91.00 | OK | |||
r-release-windows-x86_64 | 1.1.0 | 15.00 | 86.00 | 101.00 | OK | |
r-oldrel-macos-arm64 | 1.1.0 | 35.00 | OK | |||
r-oldrel-macos-x86_64 | 1.1.0 | 89.00 | OK | |||
r-oldrel-windows-x86_64 | 1.1.0 | 18.00 | 105.00 | 123.00 | OK |
Version: 1.1.0
Check: dependencies in R code
Result: NOTE
Namespaces in Imports field not imported from:
‘RandomWalker’ ‘TidyDensity’ ‘healthyR’ ‘healthyR.ai’ ‘healthyR.data’
‘healthyR.ts’ ‘tidyAML’
All declared Imports should be used.
Flavors: r-devel-linux-x86_64-fedora-clang, r-devel-linux-x86_64-fedora-gcc