Last updated on 2025-02-16 09:50:41 CET.
Flavor | Version | Tinstall | Tcheck | Ttotal | Status | Flags |
---|---|---|---|---|---|---|
r-devel-linux-x86_64-debian-clang | 0.1.1 | 1.67 | 32.64 | 34.31 | NOTE | |
r-devel-linux-x86_64-debian-gcc | 0.1.1 | 1.52 | 25.82 | 27.34 | NOTE | |
r-devel-linux-x86_64-fedora-clang | 0.1.1 | 59.17 | NOTE | |||
r-devel-linux-x86_64-fedora-gcc | 0.1.1 | 67.29 | NOTE | |||
r-devel-macos-arm64 | 0.1.1 | 82.00 | OK | |||
r-devel-macos-x86_64 | 0.1.1 | 102.00 | NOTE | |||
r-devel-windows-x86_64 | 0.1.1 | 4.00 | 91.00 | 95.00 | NOTE | |
r-patched-linux-x86_64 | 0.1.1 | 1.90 | 31.59 | 33.49 | OK | |
r-release-linux-x86_64 | 0.1.1 | 1.99 | 31.34 | 33.33 | OK | |
r-release-macos-arm64 | 0.1.1 | 72.00 | OK | |||
r-release-macos-x86_64 | 0.1.1 | 97.00 | OK | |||
r-release-windows-x86_64 | 0.1.1 | 4.00 | 87.00 | 91.00 | OK | |
r-oldrel-macos-arm64 | 0.1.1 | 71.00 | OK | |||
r-oldrel-macos-x86_64 | 0.1.1 | 100.00 | OK | |||
r-oldrel-windows-x86_64 | 0.1.1 | 5.00 | 82.00 | 87.00 | OK |
Version: 0.1.1
Check: DESCRIPTION meta-information
Result: NOTE
Missing dependency on R >= 4.1.0 because package code uses the pipe
|> or function shorthand \(...) syntax added in R 4.1.0.
File(s) using such syntax:
‘ha_api_req.R’ ‘ha_coverage.R’ ‘ha_data.R’ ‘ha_layer.R’
‘ha_point_layer.R’ ‘ha_stratifications.R’ ‘ha_subcategories.R’
‘ha_topics.R’ ‘helpers.R’
Flavors: r-devel-linux-x86_64-debian-clang, r-devel-linux-x86_64-debian-gcc, r-devel-linux-x86_64-fedora-clang, r-devel-linux-x86_64-fedora-gcc, r-devel-macos-x86_64, r-devel-windows-x86_64