Last updated on 2025-02-16 09:50:41 CET.
Flavor | Version | Tinstall | Tcheck | Ttotal | Status | Flags |
---|---|---|---|---|---|---|
r-devel-linux-x86_64-debian-clang | 1.0.1 | 14.44 | 123.25 | 137.69 | NOTE | |
r-devel-linux-x86_64-debian-gcc | 1.0.1 | 9.59 | 85.40 | 94.99 | NOTE | |
r-devel-linux-x86_64-fedora-clang | 1.0.1 | 220.51 | NOTE | |||
r-devel-linux-x86_64-fedora-gcc | 1.0.1 | 202.34 | NOTE | |||
r-devel-macos-arm64 | 1.0.1 | 58.00 | OK | |||
r-devel-macos-x86_64 | 1.0.1 | 101.00 | NOTE | |||
r-devel-windows-x86_64 | 1.0.1 | 16.00 | 126.00 | 142.00 | NOTE | |
r-patched-linux-x86_64 | 1.0.1 | 21.71 | 115.10 | 136.81 | OK | |
r-release-linux-x86_64 | 1.0.1 | 12.91 | 115.03 | 127.94 | OK | |
r-release-macos-arm64 | 1.0.1 | 54.00 | OK | |||
r-release-macos-x86_64 | 1.0.1 | 88.00 | OK | |||
r-release-windows-x86_64 | 1.0.1 | 15.00 | 123.00 | 138.00 | OK | |
r-oldrel-macos-arm64 | 1.0.1 | 58.00 | OK | |||
r-oldrel-macos-x86_64 | 1.0.1 | 165.00 | OK | |||
r-oldrel-windows-x86_64 | 1.0.1 | 21.00 | 150.00 | 171.00 | OK |
Version: 1.0.1
Check: DESCRIPTION meta-information
Result: NOTE
Missing dependency on R >= 4.1.0 because package code uses the pipe
|> or function shorthand \(...) syntax added in R 4.1.0.
File(s) using such syntax:
‘lvma_utils.R’
Flavors: r-devel-linux-x86_64-debian-clang, r-devel-linux-x86_64-debian-gcc, r-devel-linux-x86_64-fedora-clang, r-devel-linux-x86_64-fedora-gcc, r-devel-macos-x86_64, r-devel-windows-x86_64
Version: 1.0.1
Check: Rd cross-references
Result: NOTE
Found the following Rd file(s) with Rd \link{} targets missing package
anchors:
mediate_hdmm.Rd: mediate
mediate_hima.Rd: hdi
Please provide package anchors for all Rd \link{} targets not in the
package itself and the base packages.
Flavors: r-devel-linux-x86_64-debian-clang, r-devel-linux-x86_64-debian-gcc, r-devel-windows-x86_64