Last updated on 2025-02-19 09:50:51 CET.
Flavor | Version | Tinstall | Tcheck | Ttotal | Status | Flags |
---|---|---|---|---|---|---|
r-devel-linux-x86_64-debian-clang | 0.3.0 | 77.73 | 76.17 | 153.90 | OK | |
r-devel-linux-x86_64-debian-gcc | 0.3.0 | 57.43 | 51.27 | 108.70 | OK | |
r-devel-linux-x86_64-fedora-clang | 0.3.0 | 279.53 | OK | |||
r-devel-linux-x86_64-fedora-gcc | 0.3.0 | 276.23 | OK | |||
r-devel-macos-arm64 | 0.3.0 | 61.00 | OK | |||
r-devel-macos-x86_64 | 0.3.0 | 110.00 | OK | |||
r-devel-windows-x86_64 | 0.3.0 | 79.00 | 107.00 | 186.00 | OK | |
r-patched-linux-x86_64 | 0.3.0 | 81.14 | 70.43 | 151.57 | OK | |
r-release-linux-x86_64 | 0.3.0 | 75.83 | 68.80 | 144.63 | OK | |
r-release-macos-arm64 | 0.3.0 | 67.00 | NOTE | |||
r-release-macos-x86_64 | 0.3.0 | 88.00 | NOTE | |||
r-release-windows-x86_64 | 0.3.0 | 79.00 | 105.00 | 184.00 | OK | |
r-oldrel-macos-arm64 | 0.3.0 | 67.00 | NOTE | |||
r-oldrel-macos-x86_64 | 0.3.0 | 86.00 | NOTE | |||
r-oldrel-windows-x86_64 | 0.3.0 | 97.00 | 131.00 | 228.00 | OK |
Version: 0.3.0
Check: installed package size
Result: NOTE
installed size is 7.3Mb
sub-directories of 1Mb or more:
libs 6.4Mb
Flavors: r-release-macos-arm64, r-release-macos-x86_64, r-oldrel-macos-arm64, r-oldrel-macos-x86_64