Last updated on 2025-02-19 09:50:51 CET.
Flavor | Version | Tinstall | Tcheck | Ttotal | Status | Flags |
---|---|---|---|---|---|---|
r-devel-linux-x86_64-debian-clang | 1.2.12 | 31.63 | 90.85 | 122.48 | NOTE | |
r-devel-linux-x86_64-debian-gcc | 1.2.12 | 24.98 | 66.53 | 91.51 | NOTE | |
r-devel-linux-x86_64-fedora-clang | 1.2.12 | 204.64 | OK | |||
r-devel-linux-x86_64-fedora-gcc | 1.2.12 | 212.93 | OK | |||
r-devel-macos-arm64 | 1.2.12 | 54.00 | OK | |||
r-devel-macos-x86_64 | 1.2.12 | 121.00 | OK | |||
r-devel-windows-x86_64 | 1.2.12 | 34.00 | 120.00 | 154.00 | NOTE | |
r-patched-linux-x86_64 | 1.2.12 | 38.01 | 85.31 | 123.32 | OK | |
r-release-linux-x86_64 | 1.2.12 | 33.54 | 85.40 | 118.94 | OK | |
r-release-macos-arm64 | 1.2.12 | 59.00 | NOTE | |||
r-release-macos-x86_64 | 1.2.12 | 88.00 | NOTE | |||
r-release-windows-x86_64 | 1.2.12 | 35.00 | 108.00 | 143.00 | OK | |
r-oldrel-macos-arm64 | 1.2.12 | 60.00 | NOTE | |||
r-oldrel-macos-x86_64 | 1.2.12 | 126.00 | NOTE | |||
r-oldrel-windows-x86_64 | 1.2.12 | 44.00 | 132.00 | 176.00 | OK |
Version: 1.2.12
Check: Rd cross-references
Result: NOTE
Found the following Rd file(s) with Rd \link{} targets missing package
anchors:
att.Rd: estimatr
Please provide package anchors for all Rd \link{} targets not in the
package itself and the base packages.
Flavors: r-devel-linux-x86_64-debian-clang, r-devel-linux-x86_64-debian-gcc, r-devel-windows-x86_64
Version: 1.2.12
Check: installed package size
Result: NOTE
installed size is 9.5Mb
sub-directories of 1Mb or more:
libs 9.2Mb
Flavors: r-release-macos-arm64, r-release-macos-x86_64, r-oldrel-macos-arm64, r-oldrel-macos-x86_64