CRAN Package Check Results for Package hazer

Last updated on 2025-04-15 09:52:22 CEST.

Flavor Version Tinstall Tcheck Ttotal Status Flags
r-devel-linux-x86_64-debian-clang 1.1.1 1.50 42.95 44.45 OK
r-devel-linux-x86_64-debian-gcc 1.1.1 1.45 35.93 37.38 OK
r-devel-linux-x86_64-fedora-clang 1.1.1 68.10 OK
r-devel-linux-x86_64-fedora-gcc 1.1.1 76.61 OK
r-devel-windows-x86_64 1.1.1 2.00 57.00 59.00 OK
r-patched-linux-x86_64 1.1.1 1.63 42.16 43.79 OK
r-release-linux-x86_64 1.1.1 1.75 42.62 44.37 OK
r-release-macos-arm64 1.1.1 29.00 OK
r-release-macos-x86_64 1.1.1 59.00 OK
r-release-windows-x86_64 1.1.1 4.00 57.00 61.00 OK
r-oldrel-macos-arm64 1.1.1 26.00 NOTE
r-oldrel-macos-x86_64 1.1.1 50.00 NOTE
r-oldrel-windows-x86_64 1.1.1 4.00 64.00 68.00 NOTE

Check Details

Version: 1.1.1
Check: LazyData
Result: NOTE 'LazyData' is specified without a 'data' directory Flavors: r-oldrel-macos-arm64, r-oldrel-macos-x86_64, r-oldrel-windows-x86_64