Last updated on 2025-02-16 09:50:40 CET.
Flavor | Version | Tinstall | Tcheck | Ttotal | Status | Flags |
---|---|---|---|---|---|---|
r-devel-linux-x86_64-debian-clang | 1.0.0 | 46.75 | 75.11 | 121.86 | OK | |
r-devel-linux-x86_64-debian-gcc | 1.0.0 | 35.88 | 52.49 | 88.37 | OK | |
r-devel-linux-x86_64-fedora-clang | 1.0.0 | 248.17 | OK | |||
r-devel-linux-x86_64-fedora-gcc | 1.0.0 | 221.09 | OK | |||
r-devel-macos-arm64 | 1.0.0 | 54.00 | OK | |||
r-devel-macos-x86_64 | 1.0.0 | 97.00 | OK | |||
r-devel-windows-x86_64 | 1.0.0 | 61.00 | 117.00 | 178.00 | OK | |
r-patched-linux-x86_64 | 1.0.0 | 51.51 | 69.70 | 121.21 | OK | |
r-release-linux-x86_64 | 1.0.0 | 49.82 | 69.55 | 119.37 | OK | |
r-release-macos-arm64 | 1.0.0 | 59.00 | NOTE | |||
r-release-macos-x86_64 | 1.0.0 | 77.00 | NOTE | |||
r-release-windows-x86_64 | 1.0.0 | 59.00 | 115.00 | 174.00 | OK | |
r-oldrel-macos-arm64 | 1.0.0 | 67.00 | NOTE | |||
r-oldrel-macos-x86_64 | 1.0.0 | 100.00 | NOTE | |||
r-oldrel-windows-x86_64 | 1.0.0 | 74.00 | 132.00 | 206.00 | OK |
Version: 1.0.0
Check: installed package size
Result: NOTE
installed size is 5.8Mb
sub-directories of 1Mb or more:
data 3.0Mb
libs 2.5Mb
Flavors: r-release-macos-arm64, r-release-macos-x86_64, r-oldrel-macos-arm64, r-oldrel-macos-x86_64