CRAN Package Check Results for Package hahmmr

Last updated on 2025-04-15 09:52:22 CEST.

Flavor Version Tinstall Tcheck Ttotal Status Flags
r-devel-linux-x86_64-debian-clang 1.0.0 49.57 76.73 126.30 OK
r-devel-linux-x86_64-debian-gcc 1.0.0 36.95 53.64 90.59 OK
r-devel-linux-x86_64-fedora-clang 1.0.0 220.20 OK
r-devel-linux-x86_64-fedora-gcc 1.0.0 210.81 OK
r-devel-windows-x86_64 1.0.0 60.00 114.00 174.00 OK
r-patched-linux-x86_64 1.0.0 55.41 70.82 126.23 OK
r-release-linux-x86_64 1.0.0 53.90 71.13 125.03 OK
r-release-macos-arm64 1.0.0 64.00 OK
r-release-macos-x86_64 1.0.0 97.00 OK
r-release-windows-x86_64 1.0.0 65.00 111.00 176.00 OK
r-oldrel-macos-arm64 1.0.0 59.00 NOTE
r-oldrel-macos-x86_64 1.0.0 77.00 NOTE
r-oldrel-windows-x86_64 1.0.0 74.00 134.00 208.00 OK

Check Details

Version: 1.0.0
Check: installed package size
Result: NOTE installed size is 5.8Mb sub-directories of 1Mb or more: data 3.0Mb libs 2.5Mb Flavors: r-oldrel-macos-arm64, r-oldrel-macos-x86_64