Last updated on 2025-02-16 09:50:40 CET.
Flavor | Version | Tinstall | Tcheck | Ttotal | Status | Flags |
---|---|---|---|---|---|---|
r-devel-linux-x86_64-debian-clang | 0.1.1 | 1.68 | 20.60 | 22.28 | OK | |
r-devel-linux-x86_64-debian-gcc | 0.1.1 | 1.48 | 16.84 | 18.32 | OK | |
r-devel-linux-x86_64-fedora-clang | 0.1.1 | 36.96 | OK | |||
r-devel-linux-x86_64-fedora-gcc | 0.1.1 | 33.96 | OK | |||
r-devel-macos-arm64 | 0.1.1 | 15.00 | OK | |||
r-devel-macos-x86_64 | 0.1.1 | 24.00 | OK | |||
r-devel-windows-x86_64 | 0.1.1 | 3.00 | 43.00 | 46.00 | OK | |
r-patched-linux-x86_64 | 0.1.1 | 1.97 | 19.85 | 21.82 | NOTE | |
r-release-linux-x86_64 | 0.1.1 | 1.60 | 19.60 | 21.20 | NOTE | |
r-release-macos-arm64 | 0.1.1 | 14.00 | NOTE | |||
r-release-macos-x86_64 | 0.1.1 | 22.00 | NOTE | |||
r-release-windows-x86_64 | 0.1.1 | 2.00 | 43.00 | 45.00 | NOTE | |
r-oldrel-macos-arm64 | 0.1.1 | 15.00 | NOTE | |||
r-oldrel-macos-x86_64 | 0.1.1 | 20.00 | NOTE | |||
r-oldrel-windows-x86_64 | 0.1.1 | 2.00 | 58.00 | 60.00 | NOTE |
Version: 0.1.1
Check: LazyData
Result: NOTE
'LazyData' is specified without a 'data' directory
Flavors: r-patched-linux-x86_64, r-release-linux-x86_64, r-release-macos-arm64, r-release-macos-x86_64, r-release-windows-x86_64, r-oldrel-macos-arm64, r-oldrel-macos-x86_64, r-oldrel-windows-x86_64