Last updated on 2025-02-20 09:50:50 CET.
Flavor | Version | Tinstall | Tcheck | Ttotal | Status | Flags |
---|---|---|---|---|---|---|
r-devel-linux-x86_64-debian-clang | 1.4.3 | 54.00 | 118.67 | 172.67 | NOTE | |
r-devel-linux-x86_64-debian-gcc | 1.4.3 | 37.55 | 76.62 | 114.17 | NOTE | |
r-devel-linux-x86_64-fedora-clang | 1.4.3 | 316.47 | NOTE | |||
r-devel-linux-x86_64-fedora-gcc | 1.4.3 | 302.25 | NOTE | |||
r-devel-macos-arm64 | 1.4.3 | 94.00 | OK | |||
r-devel-macos-x86_64 | 1.4.3 | 155.00 | NOTE | |||
r-devel-windows-x86_64 | 1.4.3 | 60.00 | 195.00 | 255.00 | NOTE | |
r-patched-linux-x86_64 | 1.4.3 | 52.86 | 112.97 | 165.83 | OK | |
r-release-linux-x86_64 | 1.4.3 | 48.13 | 112.31 | 160.44 | OK | |
r-release-macos-arm64 | 1.4.3 | 88.00 | OK | |||
r-release-macos-x86_64 | 1.4.3 | 153.00 | OK | |||
r-release-windows-x86_64 | 1.4.3 | 60.00 | 196.00 | 256.00 | OK | |
r-oldrel-macos-arm64 | 1.4.3 | 74.00 | OK | |||
r-oldrel-macos-x86_64 | 1.4.3 | 158.00 | OK | |||
r-oldrel-windows-x86_64 | 1.4.3 | 75.00 | 247.00 | 322.00 | OK |
Version: 1.4.3
Check: DESCRIPTION meta-information
Result: NOTE
Missing dependency on R >= 4.1.0 because package code uses the pipe
|> or function shorthand \(...) syntax added in R 4.1.0.
File(s) using such syntax:
‘Greeks_UI.R’
Flavors: r-devel-linux-x86_64-debian-clang, r-devel-linux-x86_64-debian-gcc, r-devel-linux-x86_64-fedora-clang, r-devel-linux-x86_64-fedora-gcc, r-devel-macos-x86_64, r-devel-windows-x86_64