CRAN Package Check Results for Package graphlayouts

Last updated on 2025-04-16 09:53:00 CEST.

Flavor Version Tinstall Tcheck Ttotal Status Flags
r-devel-linux-x86_64-debian-clang 1.2.2 53.83 42.68 96.51 OK
r-devel-linux-x86_64-debian-gcc 1.2.2 43.73 31.48 75.21 OK
r-devel-linux-x86_64-fedora-clang 1.2.2 184.66 OK
r-devel-linux-x86_64-fedora-gcc 1.2.2 184.26 OK
r-devel-windows-x86_64 1.2.2 64.00 81.00 145.00 OK
r-patched-linux-x86_64 1.2.2 56.39 40.92 97.31 OK
r-release-linux-x86_64 1.2.2 59.20 41.29 100.49 OK
r-release-macos-arm64 1.2.2 43.00 OK
r-release-macos-x86_64 1.2.2 87.00 OK
r-release-windows-x86_64 1.2.2 67.00 82.00 149.00 OK
r-oldrel-macos-arm64 1.2.2 50.00 NOTE
r-oldrel-macos-x86_64 1.2.2 77.00 NOTE
r-oldrel-windows-x86_64 1.2.2 75.00 96.00 171.00 OK

Check Details

Version: 1.2.2
Check: installed package size
Result: NOTE installed size is 6.3Mb sub-directories of 1Mb or more: help 2.2Mb libs 3.9Mb Flavors: r-oldrel-macos-arm64, r-oldrel-macos-x86_64