Last updated on 2025-02-16 09:50:40 CET.
Flavor | Version | Tinstall | Tcheck | Ttotal | Status | Flags |
---|---|---|---|---|---|---|
r-devel-linux-x86_64-debian-clang | 0.3.3 | 14.14 | 127.85 | 141.99 | NOTE | |
r-devel-linux-x86_64-debian-gcc | 0.3.3 | 9.89 | 85.33 | 95.22 | NOTE | |
r-devel-linux-x86_64-fedora-clang | 0.3.3 | 233.77 | NOTE | |||
r-devel-linux-x86_64-fedora-gcc | 0.3.3 | 230.90 | NOTE | |||
r-devel-macos-arm64 | 0.3.3 | 139.00 | NOTE | |||
r-devel-macos-x86_64 | 0.3.3 | 226.00 | NOTE | |||
r-devel-windows-x86_64 | 0.3.3 | 15.00 | 412.00 | 427.00 | OK | |
r-patched-linux-x86_64 | 0.3.3 | 15.69 | 117.00 | 132.69 | NOTE | |
r-release-linux-x86_64 | 0.3.3 | 13.94 | 118.83 | 132.77 | NOTE | |
r-release-macos-arm64 | 0.3.3 | 303.00 | OK | |||
r-release-macos-x86_64 | 0.3.3 | 447.00 | OK | |||
r-release-windows-x86_64 | 0.3.3 | 17.00 | 400.00 | 417.00 | OK | |
r-oldrel-macos-arm64 | 0.3.3 | 308.00 | OK | |||
r-oldrel-macos-x86_64 | 0.3.3 | 437.00 | OK | |||
r-oldrel-windows-x86_64 | 0.3.3 | 19.00 | 519.00 | 538.00 | OK |
Version: 0.3.3
Check: Rd cross-references
Result: NOTE
Unknown package ‘edmcr’ in Rd xrefs
Flavors: r-devel-linux-x86_64-debian-clang, r-devel-linux-x86_64-debian-gcc, r-devel-linux-x86_64-fedora-gcc, r-devel-macos-arm64, r-devel-macos-x86_64, r-patched-linux-x86_64, r-release-linux-x86_64
Version: 0.3.3
Check: Rd cross-references
Result: NOTE
Undeclared package ‘glasso’ in Rd xrefs
Unknown package ‘edmcr’ in Rd xrefs
Flavor: r-devel-linux-x86_64-fedora-clang
Version: 0.3.3
Check: package dependencies
Result: NOTE
Package suggested but not available for checking: ‘edmcr’
Flavors: r-patched-linux-x86_64, r-release-linux-x86_64