Last updated on 2025-02-16 09:50:40 CET.
Flavor | Version | Tinstall | Tcheck | Ttotal | Status | Flags |
---|---|---|---|---|---|---|
r-devel-linux-x86_64-debian-clang | 1.1 | 219.26 | 41.37 | 260.63 | OK | |
r-devel-linux-x86_64-debian-gcc | 1.1 | 139.12 | 23.65 | 162.77 | OK | |
r-devel-linux-x86_64-fedora-clang | 1.1 | 555.90 | OK | |||
r-devel-linux-x86_64-fedora-gcc | 1.1 | 512.76 | OK | |||
r-devel-macos-arm64 | 1.1 | 83.00 | OK | |||
r-devel-macos-x86_64 | 1.1 | 82.00 | OK | |||
r-devel-windows-x86_64 | 1.1 | 221.00 | 73.00 | 294.00 | OK | |
r-patched-linux-x86_64 | 1.1 | 194.19 | 28.94 | 223.13 | OK | |
r-release-linux-x86_64 | 1.1 | 192.95 | 28.66 | 221.61 | OK | |
r-release-macos-arm64 | 1.1 | 82.00 | NOTE | |||
r-release-macos-x86_64 | 1.1 | 105.00 | NOTE | |||
r-release-windows-x86_64 | 1.1 | 221.00 | 73.00 | 294.00 | OK | |
r-oldrel-macos-arm64 | 1.1 | 90.00 | NOTE | |||
r-oldrel-macos-x86_64 | 1.1 | 102.00 | NOTE | |||
r-oldrel-windows-x86_64 | 1.1 | 270.00 | 80.00 | 350.00 | OK |
Version: 1.1
Check: installed package size
Result: NOTE
installed size is 5.9Mb
sub-directories of 1Mb or more:
libs 5.8Mb
Flavors: r-release-macos-arm64, r-release-macos-x86_64, r-oldrel-macos-arm64, r-oldrel-macos-x86_64