Last updated on 2025-02-16 09:50:40 CET.
Flavor | Version | Tinstall | Tcheck | Ttotal | Status | Flags |
---|---|---|---|---|---|---|
r-devel-linux-x86_64-debian-clang | 0.0.1 | 3.81 | 32.98 | 36.79 | NOTE | |
r-devel-linux-x86_64-debian-gcc | 0.0.1 | 2.46 | 24.19 | 26.65 | NOTE | |
r-devel-linux-x86_64-fedora-clang | 0.0.1 | 58.83 | NOTE | |||
r-devel-linux-x86_64-fedora-gcc | 0.0.1 | 54.34 | NOTE | |||
r-devel-macos-arm64 | 0.0.1 | 24.00 | OK | |||
r-devel-macos-x86_64 | 0.0.1 | 37.00 | NOTE | |||
r-devel-windows-x86_64 | 0.0.1 | 7.00 | 52.00 | 59.00 | NOTE | |
r-patched-linux-x86_64 | 0.0.1 | 3.74 | 30.22 | 33.96 | OK | |
r-release-linux-x86_64 | 0.0.1 | 3.78 | 30.74 | 34.52 | OK | |
r-release-macos-arm64 | 0.0.1 | 21.00 | OK | |||
r-release-macos-x86_64 | 0.0.1 | 39.00 | OK | |||
r-release-windows-x86_64 | 0.0.1 | 6.00 | 54.00 | 60.00 | OK | |
r-oldrel-macos-arm64 | 0.0.1 | 21.00 | OK | |||
r-oldrel-macos-x86_64 | 0.0.1 | 32.00 | OK | |||
r-oldrel-windows-x86_64 | 0.0.1 | 7.00 | 56.00 | 63.00 | OK |
Version: 0.0.1
Check: DESCRIPTION meta-information
Result: NOTE
Missing dependency on R >= 4.1.0 because package code uses the pipe
|> or function shorthand \(...) syntax added in R 4.1.0.
File(s) using such syntax:
‘predict.R’ ‘utils.R’
Flavors: r-devel-linux-x86_64-debian-clang, r-devel-linux-x86_64-debian-gcc, r-devel-linux-x86_64-fedora-clang, r-devel-linux-x86_64-fedora-gcc, r-devel-macos-x86_64, r-devel-windows-x86_64