Last updated on 2025-02-19 09:50:50 CET.
Flavor | Version | Tinstall | Tcheck | Ttotal | Status | Flags |
---|---|---|---|---|---|---|
r-devel-linux-x86_64-debian-clang | 0.4.0 | 7.79 | 68.15 | 75.94 | NOTE | |
r-devel-linux-x86_64-debian-gcc | 0.4.0 | 5.24 | 50.15 | 55.39 | NOTE | |
r-devel-linux-x86_64-fedora-clang | 0.4.0 | 120.98 | NOTE | |||
r-devel-linux-x86_64-fedora-gcc | 0.4.0 | 131.86 | NOTE | |||
r-devel-macos-arm64 | 0.4.0 | 51.00 | OK | |||
r-devel-macos-x86_64 | 0.4.0 | 76.00 | NOTE | |||
r-devel-windows-x86_64 | 0.4.0 | 11.00 | 100.00 | 111.00 | NOTE | |
r-patched-linux-x86_64 | 0.4.0 | 8.82 | 65.50 | 74.32 | OK | |
r-release-linux-x86_64 | 0.4.0 | 7.66 | 64.09 | 71.75 | OK | |
r-release-macos-arm64 | 0.4.0 | 49.00 | OK | |||
r-release-macos-x86_64 | 0.4.0 | 70.00 | OK | |||
r-release-windows-x86_64 | 0.4.0 | 11.00 | 100.00 | 111.00 | OK | |
r-oldrel-macos-arm64 | 0.4.0 | 59.00 | OK | |||
r-oldrel-macos-x86_64 | 0.4.0 | 111.00 | OK | |||
r-oldrel-windows-x86_64 | 0.4.0 | 13.00 | 106.00 | 119.00 | OK |
Version: 0.4.0
Check: DESCRIPTION meta-information
Result: NOTE
Missing dependency on R >= 4.1.0 because package code uses the pipe
|> or function shorthand \(...) syntax added in R 4.1.0.
File(s) using such syntax:
‘service-cohere.R’
Flavors: r-devel-linux-x86_64-debian-clang, r-devel-linux-x86_64-debian-gcc, r-devel-linux-x86_64-fedora-clang, r-devel-linux-x86_64-fedora-gcc, r-devel-macos-x86_64, r-devel-windows-x86_64