Last updated on 2025-02-16 09:50:40 CET.
Flavor | Version | Tinstall | Tcheck | Ttotal | Status | Flags |
---|---|---|---|---|---|---|
r-devel-linux-x86_64-debian-clang | 0.0.3 | 2.00 | 18.82 | 20.82 | NOTE | |
r-devel-linux-x86_64-debian-gcc | 0.0.3 | 1.33 | 14.89 | 16.22 | NOTE | |
r-devel-linux-x86_64-fedora-clang | 0.0.3 | 34.03 | NOTE | |||
r-devel-linux-x86_64-fedora-gcc | 0.0.3 | 31.06 | NOTE | |||
r-devel-macos-arm64 | 0.0.3 | 16.00 | OK | |||
r-devel-macos-x86_64 | 0.0.3 | 29.00 | NOTE | |||
r-devel-windows-x86_64 | 0.0.3 | 3.00 | 43.00 | 46.00 | NOTE | |
r-patched-linux-x86_64 | 0.0.3 | 2.13 | 17.85 | 19.98 | OK | |
r-release-linux-x86_64 | 0.0.3 | 1.87 | 17.75 | 19.62 | OK | |
r-release-macos-arm64 | 0.0.3 | 15.00 | OK | |||
r-release-macos-x86_64 | 0.0.3 | 30.00 | OK | |||
r-release-windows-x86_64 | 0.0.3 | 4.00 | 42.00 | 46.00 | OK | |
r-oldrel-macos-arm64 | 0.0.3 | 20.00 | OK | |||
r-oldrel-macos-x86_64 | 0.0.3 | 27.00 | OK | |||
r-oldrel-windows-x86_64 | 0.0.3 | 5.00 | 45.00 | 50.00 | OK |
Version: 0.0.3
Check: DESCRIPTION meta-information
Result: NOTE
Missing dependency on R >= 4.1.0 because package code uses the pipe
|> or function shorthand \(...) syntax added in R 4.1.0.
File(s) using such syntax:
‘collections.R’ ‘packages.R’ ‘published.R’ ‘related.R’ ‘utils.R’
Flavors: r-devel-linux-x86_64-debian-clang, r-devel-linux-x86_64-debian-gcc, r-devel-linux-x86_64-fedora-clang, r-devel-linux-x86_64-fedora-gcc, r-devel-macos-x86_64, r-devel-windows-x86_64