Last updated on 2025-02-16 09:50:40 CET.
Flavor | Version | Tinstall | Tcheck | Ttotal | Status | Flags |
---|---|---|---|---|---|---|
r-devel-linux-x86_64-debian-clang | 1.1-2 | 7.05 | 83.12 | 90.17 | NOTE | |
r-devel-linux-x86_64-debian-gcc | 1.1-2 | 5.39 | 57.76 | 63.15 | NOTE | |
r-devel-linux-x86_64-fedora-clang | 1.1-2 | 146.95 | OK | |||
r-devel-linux-x86_64-fedora-gcc | 1.1-2 | 148.25 | OK | |||
r-devel-macos-arm64 | 1.1-2 | 49.00 | OK | |||
r-devel-macos-x86_64 | 1.1-2 | 110.00 | OK | |||
r-devel-windows-x86_64 | 1.1-2 | 8.00 | 89.00 | 97.00 | NOTE | |
r-patched-linux-x86_64 | 1.1-2 | 8.66 | 76.58 | 85.24 | OK | |
r-release-linux-x86_64 | 1.1-2 | 6.36 | 75.96 | 82.32 | OK | |
r-release-macos-arm64 | 1.1-2 | 48.00 | OK | |||
r-release-macos-x86_64 | 1.1-2 | 71.00 | OK | |||
r-release-windows-x86_64 | 1.1-2 | 8.00 | 91.00 | 99.00 | OK | |
r-oldrel-macos-arm64 | 1.1-2 | 51.00 | OK | |||
r-oldrel-macos-x86_64 | 1.1-2 | 80.00 | OK | |||
r-oldrel-windows-x86_64 | 1.1-2 | 11.00 | 106.00 | 117.00 | OK |
Version: 1.1-2
Check: Rd cross-references
Result: NOTE
Found the following Rd file(s) with Rd \link{} targets missing package
anchors:
orgls.Rd: varClasses, corClasses, solve.QP
orglsSet.Rd: varClasses, corClasses
orlm.Rd: solve.QP
Please provide package anchors for all Rd \link{} targets not in the
package itself and the base packages.
Flavors: r-devel-linux-x86_64-debian-clang, r-devel-linux-x86_64-debian-gcc, r-devel-windows-x86_64