Last updated on 2025-02-16 09:50:40 CET.
Flavor | Version | Tinstall | Tcheck | Ttotal | Status | Flags |
---|---|---|---|---|---|---|
r-devel-linux-x86_64-debian-clang | 2.0.0 | 7.56 | 69.44 | 77.00 | NOTE | |
r-devel-linux-x86_64-debian-gcc | 2.0.0 | 4.56 | 47.03 | 51.59 | NOTE | |
r-devel-linux-x86_64-fedora-clang | 2.0.0 | 124.60 | NOTE | |||
r-devel-linux-x86_64-fedora-gcc | 2.0.0 | 128.10 | NOTE | |||
r-devel-macos-arm64 | 2.0.0 | 43.00 | OK | |||
r-devel-macos-x86_64 | 2.0.0 | 83.00 | NOTE | |||
r-devel-windows-x86_64 | 2.0.0 | 9.00 | 89.00 | 98.00 | NOTE | |
r-patched-linux-x86_64 | 2.0.0 | 7.74 | 63.74 | 71.48 | OK | |
r-release-linux-x86_64 | 2.0.0 | 6.99 | 63.25 | 70.24 | OK | |
r-release-macos-arm64 | 2.0.0 | 50.00 | OK | |||
r-release-macos-x86_64 | 2.0.0 | 126.00 | OK | |||
r-release-windows-x86_64 | 2.0.0 | 10.00 | 88.00 | 98.00 | OK | |
r-oldrel-macos-arm64 | 2.0.0 | 60.00 | OK | |||
r-oldrel-macos-x86_64 | 2.0.0 | 82.00 | OK | |||
r-oldrel-windows-x86_64 | 2.0.0 | 12.00 | 121.00 | 133.00 | OK |
Version: 2.0.0
Check: DESCRIPTION meta-information
Result: NOTE
Missing dependency on R >= 4.1.0 because package code uses the pipe
|> or function shorthand \(...) syntax added in R 4.1.0.
File(s) using such syntax:
‘1-pitch-normalize-value.R’
Flavors: r-devel-linux-x86_64-debian-clang, r-devel-linux-x86_64-debian-gcc, r-devel-linux-x86_64-fedora-clang, r-devel-linux-x86_64-fedora-gcc, r-devel-macos-x86_64, r-devel-windows-x86_64