Last updated on 2025-02-19 09:50:50 CET.
Flavor | Version | Tinstall | Tcheck | Ttotal | Status | Flags |
---|---|---|---|---|---|---|
r-devel-linux-x86_64-debian-clang | 0.3.1 | 2.73 | 118.53 | 121.26 | OK | |
r-devel-linux-x86_64-debian-gcc | 0.3.1 | 2.10 | 75.27 | 77.37 | OK | |
r-devel-linux-x86_64-fedora-clang | 0.3.1 | 184.39 | OK | |||
r-devel-linux-x86_64-fedora-gcc | 0.3.1 | 193.48 | OK | |||
r-devel-macos-arm64 | 0.3.1 | 65.00 | OK | |||
r-devel-macos-x86_64 | 0.3.1 | 65.00 | ERROR | |||
r-devel-windows-x86_64 | 0.3.1 | 4.00 | 133.00 | 137.00 | OK | |
r-patched-linux-x86_64 | 0.3.1 | 2.81 | 112.98 | 115.79 | OK | |
r-release-linux-x86_64 | 0.3.1 | 2.24 | 103.86 | 106.10 | OK | |
r-release-macos-arm64 | 0.3.1 | 63.00 | OK | |||
r-release-macos-x86_64 | 0.3.1 | 98.00 | OK | |||
r-release-windows-x86_64 | 0.3.1 | 4.00 | 125.00 | 129.00 | OK | |
r-oldrel-macos-arm64 | 0.3.1 | 59.00 | OK | |||
r-oldrel-macos-x86_64 | 0.3.1 | 145.00 | OK | |||
r-oldrel-windows-x86_64 | 0.3.1 | 5.00 | 140.00 | 145.00 | OK |
Version: 0.3.1
Check: re-building of vignette outputs
Result: ERROR
Error(s) in re-building vignettes:
--- re-building ‘glmtree.Rmd’ using rmarkdown
Quitting from lines 31-51 [segmentation_pca1] (glmtree.Rmd)
Error: processing vignette 'glmtree.Rmd' failed with diagnostics:
there is no package called 'FactoMineR'
--- failed re-building ‘glmtree.Rmd’
SUMMARY: processing the following file failed:
‘glmtree.Rmd’
Error: Vignette re-building failed.
Execution halted
Flavor: r-devel-macos-x86_64