Last updated on 2025-02-19 09:50:50 CET.
Flavor | Version | Tinstall | Tcheck | Ttotal | Status | Flags |
---|---|---|---|---|---|---|
r-devel-linux-x86_64-debian-clang | 1.0.2 | 1.45 | 20.08 | 21.53 | NOTE | |
r-devel-linux-x86_64-debian-gcc | 1.0.2 | 1.28 | 16.12 | 17.40 | NOTE | |
r-devel-linux-x86_64-fedora-clang | 1.0.2 | 35.96 | NOTE | |||
r-devel-linux-x86_64-fedora-gcc | 1.0.2 | 48.70 | NOTE | |||
r-devel-macos-arm64 | 1.0.2 | 23.00 | NOTE | |||
r-devel-macos-x86_64 | 1.0.2 | 39.00 | NOTE | |||
r-devel-windows-x86_64 | 1.0.2 | 4.00 | 50.00 | 54.00 | NOTE | |
r-patched-linux-x86_64 | 1.0.2 | 1.66 | 19.48 | 21.14 | NOTE | |
r-release-linux-x86_64 | 1.0.2 | 1.67 | 18.98 | 20.65 | NOTE | |
r-release-macos-arm64 | 1.0.2 | 21.00 | NOTE | |||
r-release-macos-x86_64 | 1.0.2 | 35.00 | NOTE | |||
r-release-windows-x86_64 | 1.0.2 | 3.00 | 53.00 | 56.00 | NOTE | |
r-oldrel-macos-arm64 | 1.0.2 | 22.00 | NOTE | |||
r-oldrel-macos-x86_64 | 1.0.2 | 28.00 | NOTE | |||
r-oldrel-windows-x86_64 | 1.0.2 | 4.00 | 40.00 | 44.00 | NOTE |
Version: 1.0.2
Check: package subdirectories
Result: NOTE
Problems with news in ‘NEWS.md’:
No news entries found.
Flavors: r-devel-linux-x86_64-debian-clang, r-devel-linux-x86_64-debian-gcc, r-devel-linux-x86_64-fedora-clang, r-devel-linux-x86_64-fedora-gcc, r-devel-macos-arm64, r-devel-macos-x86_64, r-devel-windows-x86_64, r-patched-linux-x86_64, r-release-linux-x86_64, r-release-macos-arm64, r-release-macos-x86_64, r-release-windows-x86_64, r-oldrel-macos-arm64, r-oldrel-macos-x86_64, r-oldrel-windows-x86_64